CRAN Package Check Results for Package nna

Last updated on 2025-05-08 04:52:12 CEST.

Flavor Version Tinstall Tcheck Ttotal Status Flags
r-devel-linux-x86_64-debian-clang 0.0.2.1 1.58 15.95 17.53 OK
r-devel-linux-x86_64-debian-gcc 0.0.2.1 1.24 13.24 14.48 OK
r-devel-linux-x86_64-fedora-clang 0.0.2.1 28.02 OK
r-devel-linux-x86_64-fedora-gcc 0.0.2.1 26.58 OK
r-devel-windows-x86_64 0.0.2.1 3.00 34.00 37.00 OK
r-patched-linux-x86_64 0.0.2.1 1.39 15.46 16.85 OK
r-release-linux-x86_64 0.0.2.1 1.55 15.34 16.89 OK
r-release-macos-arm64 0.0.2.1 17.00 OK
r-release-macos-x86_64 0.0.2.1 26.00 OK
r-release-windows-x86_64 0.0.2.1 2.00 37.00 39.00 OK
r-oldrel-macos-arm64 0.0.2.1 13.00 NOTE
r-oldrel-macos-x86_64 0.0.2.1 21.00 NOTE
r-oldrel-windows-x86_64 0.0.2.1 2.00 33.00 35.00 NOTE

Check Details

Version: 0.0.2.1
Check: LazyData
Result: NOTE 'LazyData' is specified without a 'data' directory Flavors: r-oldrel-macos-arm64, r-oldrel-macos-x86_64, r-oldrel-windows-x86_64

These binaries (installable software) and packages are in development.
They may not be fully stable and should be used with caution. We make no claims about them.