Last updated on 2025-10-03 17:48:40 CEST.
Flavor | Version | Tinstall | Tcheck | Ttotal | Status | Flags |
---|---|---|---|---|---|---|
r-devel-linux-x86_64-debian-clang | 7.3-20 | 3.07 | 23.67 | 26.74 | NOTE | |
r-devel-linux-x86_64-debian-gcc | 7.3-20 | 2.49 | 18.85 | 21.34 | NOTE | |
r-devel-linux-x86_64-fedora-clang | 7.3-20 | 40.82 | OK | |||
r-devel-linux-x86_64-fedora-gcc | 7.3-20 | 38.86 | OK | |||
r-devel-windows-x86_64 | 7.3-20 | 10.00 | 45.00 | 55.00 | OK | |
r-patched-linux-x86_64 | 7.3-20 | 2.83 | 22.12 | 24.95 | OK | |
r-release-linux-x86_64 | 7.3-20 | 2.53 | 22.50 | 25.03 | OK | |
r-release-macos-arm64 | 7.3-20 | 17.00 | OK | |||
r-release-macos-x86_64 | 7.3-20 | 37.00 | OK | |||
r-release-windows-x86_64 | 7.3-20 | 9.00 | 45.00 | 54.00 | OK | |
r-oldrel-macos-arm64 | 7.3-20 | 23.00 | OK | |||
r-oldrel-macos-x86_64 | 7.3-20 | 63.00 | OK | |||
r-oldrel-windows-x86_64 | 7.3-20 | 9.00 | 48.00 | 57.00 | OK |
Version: 7.3-20
Check: CRAN incoming feasibility
Result: NOTE
Maintainer: ‘Brian Ripley <Brian.Ripley@R-project.org>’
Package CITATION file contains call(s) to old-style personList() or
as.personList(). Please use c() on person objects instead.
Package CITATION file contains call(s) to old-style citEntry(). Please
use bibentry() instead.
Flavors: r-devel-linux-x86_64-debian-clang, r-devel-linux-x86_64-debian-gcc
These binaries (installable software) and packages are in development.
They may not be fully stable and should be used with caution. We make no claims about them.