Last updated on 2025-11-13 15:51:18 CET.
| Flavor | Version | Tinstall | Tcheck | Ttotal | Status | Flags |
|---|---|---|---|---|---|---|
| r-devel-linux-x86_64-debian-clang | 7.3-20 | 3.74 | 23.72 | 27.46 | NOTE | |
| r-devel-linux-x86_64-debian-gcc | 7.3-20 | 2.91 | 18.87 | 21.78 | NOTE | |
| r-devel-linux-x86_64-fedora-clang | 7.3-20 | 41.63 | OK | |||
| r-devel-linux-x86_64-fedora-gcc | 7.3-20 | 39.53 | OK | |||
| r-devel-windows-x86_64 | 7.3-20 | 9.00 | 43.00 | 52.00 | OK | |
| r-patched-linux-x86_64 | 7.3-20 | 3.61 | 22.54 | 26.15 | OK | |
| r-release-linux-x86_64 | 7.3-20 | 3.17 | 22.26 | 25.43 | OK | |
| r-release-macos-arm64 | 7.3-20 | 3.00 | 14.00 | 17.00 | OK | |
| r-release-macos-x86_64 | 7.3-20 | 7.00 | 30.00 | 37.00 | OK | |
| r-release-windows-x86_64 | 7.3-20 | 9.00 | 43.00 | 52.00 | OK | |
| r-oldrel-macos-arm64 | 7.3-20 | 3.00 | 20.00 | 23.00 | OK | |
| r-oldrel-macos-x86_64 | 7.3-20 | 17.00 | 46.00 | 63.00 | OK | |
| r-oldrel-windows-x86_64 | 7.3-20 | 10.00 | 50.00 | 60.00 | OK |
Version: 7.3-20
Check: CRAN incoming feasibility
Result: NOTE
Maintainer: ‘Brian Ripley <Brian.Ripley@R-project.org>’
Package CITATION file contains call(s) to old-style personList() or
as.personList(). Please use c() on person objects instead.
Package CITATION file contains call(s) to old-style citEntry(). Please
use bibentry() instead.
Flavors: r-devel-linux-x86_64-debian-clang, r-devel-linux-x86_64-debian-gcc
These binaries (installable software) and packages are in development.
They may not be fully stable and should be used with caution. We make no claims about them.