Last updated on 2025-10-03 11:50:53 CEST.
Flavor | Version | Tinstall | Tcheck | Ttotal | Status | Flags |
---|---|---|---|---|---|---|
r-devel-linux-x86_64-debian-clang | 0.2.9 | 102.11 | 57.22 | 159.33 | OK | |
r-devel-linux-x86_64-debian-gcc | 0.2.9 | 75.97 | 41.16 | 117.13 | OK | |
r-devel-linux-x86_64-fedora-clang | 0.2.9 | 285.02 | OK | |||
r-devel-linux-x86_64-fedora-gcc | 0.2.9 | 316.86 | OK | |||
r-devel-windows-x86_64 | 0.2.9 | 127.00 | 133.00 | 260.00 | OK | |
r-patched-linux-x86_64 | 0.2.9 | 113.97 | 54.16 | 168.13 | OK | |
r-release-linux-x86_64 | 0.2.9 | 113.23 | 54.30 | 167.53 | OK | |
r-release-macos-arm64 | 0.2.9 | 89.00 | OK | |||
r-release-macos-x86_64 | 0.2.9 | 134.00 | OK | |||
r-release-windows-x86_64 | 0.2.9 | 110.00 | 127.00 | 237.00 | OK | |
r-oldrel-macos-arm64 | 0.2.9 | 89.00 | NOTE | |||
r-oldrel-macos-x86_64 | 0.2.9 | 91.00 | NOTE | |||
r-oldrel-windows-x86_64 | 0.2.9 | 147.00 | 146.00 | 293.00 | OK |
Version: 0.2.9
Check: installed package size
Result: NOTE
installed size is 11.0Mb
sub-directories of 1Mb or more:
libs 10.4Mb
Flavors: r-oldrel-macos-arm64, r-oldrel-macos-x86_64
These binaries (installable software) and packages are in development.
They may not be fully stable and should be used with caution. We make no claims about them.