Last updated on 2025-05-21 17:52:20 CEST.
Flavor | Version | Tinstall | Tcheck | Ttotal | Status | Flags |
---|---|---|---|---|---|---|
r-devel-linux-x86_64-debian-clang | 0.2.9 | 96.87 | 53.68 | 150.55 | OK | |
r-devel-linux-x86_64-debian-gcc | 0.2.9 | 81.00 | 39.12 | 120.12 | OK | |
r-devel-linux-x86_64-fedora-clang | 0.2.9 | 291.86 | OK | |||
r-devel-linux-x86_64-fedora-gcc | 0.2.9 | 361.40 | OK | |||
r-devel-windows-x86_64 | 0.2.9 | 114.00 | 132.00 | 246.00 | OK | |
r-patched-linux-x86_64 | 0.2.9 | 115.24 | 50.64 | 165.88 | OK | |
r-release-linux-x86_64 | 0.2.9 | 113.34 | 50.46 | 163.80 | OK | |
r-release-macos-arm64 | 0.2.9 | 89.00 | OK | |||
r-release-macos-x86_64 | 0.2.9 | 134.00 | OK | |||
r-release-windows-x86_64 | 0.2.9 | 126.00 | 144.00 | 270.00 | OK | |
r-oldrel-macos-arm64 | 0.2.9 | 89.00 | NOTE | |||
r-oldrel-macos-x86_64 | 0.2.9 | 91.00 | NOTE | |||
r-oldrel-windows-x86_64 | 0.2.9 | 143.00 | 140.00 | 283.00 | OK |
Version: 0.2.9
Check: installed package size
Result: NOTE
installed size is 11.0Mb
sub-directories of 1Mb or more:
libs 10.4Mb
Flavors: r-oldrel-macos-arm64, r-oldrel-macos-x86_64
These binaries (installable software) and packages are in development.
They may not be fully stable and should be used with caution. We make no claims about them.