Last updated on 2024-07-27 15:50:27 CEST.
Flavor | Version | Tinstall | Tcheck | Ttotal | Status | Flags |
---|---|---|---|---|---|---|
r-devel-linux-x86_64-debian-clang | 0.2.8 | 125.29 | 69.28 | 194.57 | OK | |
r-devel-linux-x86_64-debian-gcc | 0.2.8 | OK | ||||
r-devel-linux-x86_64-fedora-clang | 0.2.8 | 396.65 | OK | |||
r-devel-linux-x86_64-fedora-gcc | 0.2.8 | 341.65 | OK | |||
r-devel-windows-x86_64 | 0.2.8 | 118.00 | 121.00 | 239.00 | OK | |
r-patched-linux-x86_64 | 0.2.8 | OK | ||||
r-release-linux-x86_64 | 0.2.8 | 125.38 | 65.02 | 190.40 | OK | |
r-release-macos-arm64 | 0.2.8 | 115.00 | NOTE | |||
r-release-macos-x86_64 | 0.2.8 | 164.00 | NOTE | |||
r-release-windows-x86_64 | 0.2.8 | 156.00 | 126.00 | 282.00 | OK | |
r-oldrel-macos-arm64 | 0.2.8 | 106.00 | NOTE | |||
r-oldrel-macos-x86_64 | 0.2.8 | 138.00 | NOTE | |||
r-oldrel-windows-x86_64 | 0.2.8 | 115.00 | 132.00 | 247.00 | OK |
Version: 0.2.8
Check: installed package size
Result: NOTE
installed size is 10.0Mb
sub-directories of 1Mb or more:
libs 9.4Mb
Flavors: r-release-macos-arm64, r-release-macos-x86_64, r-oldrel-macos-arm64, r-oldrel-macos-x86_64
These binaries (installable software) and packages are in development.
They may not be fully stable and should be used with caution. We make no claims about them.