Last updated on 2025-07-25 13:50:26 CEST.
Flavor | Version | Tinstall | Tcheck | Ttotal | Status | Flags |
---|---|---|---|---|---|---|
r-devel-linux-x86_64-debian-clang | 0.1.2 | 14.53 | 150.36 | 164.89 | NOTE | |
r-devel-linux-x86_64-debian-gcc | 0.1.2 | 12.30 | 107.00 | 119.30 | NOTE | |
r-devel-linux-x86_64-fedora-clang | 0.1.2 | 217.56 | OK | |||
r-devel-linux-x86_64-fedora-gcc | 0.1.2 | 254.47 | OK | |||
r-devel-windows-x86_64 | 0.1.2 | 15.00 | 174.00 | 189.00 | OK | |
r-patched-linux-x86_64 | 0.1.2 | 22.43 | 141.65 | 164.08 | OK | |
r-release-linux-x86_64 | 0.1.2 | 16.62 | 141.99 | 158.61 | OK | |
r-release-macos-arm64 | 0.1.2 | 106.00 | OK | |||
r-release-macos-x86_64 | 0.1.2 | 130.00 | OK | |||
r-release-windows-x86_64 | 0.1.2 | 16.00 | 187.00 | 203.00 | OK | |
r-oldrel-macos-arm64 | 0.1.2 | 111.00 | OK | |||
r-oldrel-macos-x86_64 | 0.1.2 | 99.00 | OK | |||
r-oldrel-windows-x86_64 | 0.1.2 | 21.00 | 201.00 | 222.00 | OK |
Version: 0.1.2
Check: CRAN incoming feasibility
Result: NOTE
Maintainer: ‘Elvan Ceyhan <elvanceyhan@gmail.com>’
No Authors@R field in DESCRIPTION.
Please add one, modifying
Authors@R: person(given = "Elvan",
family = "Ceyhan",
role = c("aut", "cre"),
email = "elvanceyhan@gmail.com")
as necessary.
Flavors: r-devel-linux-x86_64-debian-clang, r-devel-linux-x86_64-debian-gcc
These binaries (installable software) and packages are in development.
They may not be fully stable and should be used with caution. We make no claims about them.