CRAN Package Check Results for Package noaastormevents

Last updated on 2025-02-12 07:50:25 CET.

Flavor Version Tinstall Tcheck Ttotal Status Flags
r-devel-linux-x86_64-debian-clang 0.2.0 6.51 53.98 60.49 NOTE
r-devel-linux-x86_64-debian-gcc 0.2.0 5.00 41.40 46.40 NOTE
r-devel-linux-x86_64-fedora-clang 0.2.0 99.93 NOTE
r-devel-linux-x86_64-fedora-gcc 0.2.0 106.27 NOTE
r-devel-windows-x86_64 0.2.0 7.00 74.00 81.00 NOTE
r-patched-linux-x86_64 0.2.0 5.96 49.51 55.47 NOTE
r-release-linux-x86_64 0.2.0 5.56 49.57 55.13 NOTE
r-release-macos-arm64 0.2.0 37.00 NOTE
r-release-macos-x86_64 0.2.0 53.00 NOTE
r-release-windows-x86_64 0.2.0 7.00 77.00 84.00 NOTE
r-oldrel-macos-arm64 0.2.0 38.00 NOTE
r-oldrel-macos-x86_64 0.2.0 51.00 NOTE
r-oldrel-windows-x86_64 0.2.0 9.00 83.00 92.00 NOTE

Check Details

Version: 0.2.0
Check: Rd files
Result: NOTE checkRd: (-1) match_forecast_county.Rd:14: Lost braces in \itemize; meant \describe ? checkRd: (-1) match_forecast_county.Rd:15: Lost braces in \itemize; meant \describe ? checkRd: (-1) match_forecast_county.Rd:16: Lost braces in \itemize; meant \describe ? checkRd: (-1) parse_damage.Rd:26: Lost braces in \itemize; meant \describe ? checkRd: (-1) parse_damage.Rd:27: Lost braces in \itemize; meant \describe ? checkRd: (-1) parse_damage.Rd:28: Lost braces in \itemize; meant \describe ? checkRd: (-1) parse_damage.Rd:29: Lost braces in \itemize; meant \describe ? Flavors: r-devel-linux-x86_64-debian-clang, r-devel-linux-x86_64-debian-gcc, r-devel-linux-x86_64-fedora-clang, r-devel-linux-x86_64-fedora-gcc, r-devel-windows-x86_64, r-patched-linux-x86_64, r-release-linux-x86_64, r-release-macos-arm64, r-release-macos-x86_64, r-release-windows-x86_64

Version: 0.2.0
Check: dependencies in R code
Result: NOTE Namespaces in Imports field not imported from: ‘RColorBrewer’ ‘choroplethr’ ‘choroplethrMaps’ ‘data.table’ ‘forcats’ ‘hurricaneexposure’ ‘plyr’ All declared Imports should be used. Flavors: r-devel-linux-x86_64-fedora-clang, r-devel-linux-x86_64-fedora-gcc

Version: 0.2.0
Check: package dependencies
Result: NOTE Package suggested but not available for checking: ‘hurricaneexposuredata’ Flavors: r-patched-linux-x86_64, r-release-linux-x86_64, r-release-macos-arm64, r-release-macos-x86_64, r-release-windows-x86_64, r-oldrel-macos-arm64, r-oldrel-macos-x86_64, r-oldrel-windows-x86_64

Version: 0.2.0
Check: LazyData
Result: NOTE 'LazyData' is specified without a 'data' directory Flavors: r-patched-linux-x86_64, r-release-linux-x86_64, r-release-macos-arm64, r-release-macos-x86_64, r-release-windows-x86_64, r-oldrel-macos-arm64, r-oldrel-macos-x86_64, r-oldrel-windows-x86_64

These binaries (installable software) and packages are in development.
They may not be fully stable and should be used with caution. We make no claims about them.