Last updated on 2025-02-16 08:50:55 CET.
Flavor | Version | Tinstall | Tcheck | Ttotal | Status | Flags |
---|---|---|---|---|---|---|
r-devel-linux-x86_64-debian-clang | 1.4.2 | 34.35 | 292.24 | 326.59 | NOTE | |
r-devel-linux-x86_64-debian-gcc | 1.4.2 | 22.00 | 192.98 | 214.98 | NOTE | |
r-devel-linux-x86_64-fedora-clang | 1.4.2 | 568.35 | OK | |||
r-devel-linux-x86_64-fedora-gcc | 1.4.2 | 484.32 | OK | |||
r-devel-macos-arm64 | 1.4.2 | 109.00 | OK | |||
r-devel-macos-x86_64 | 1.4.2 | 241.00 | OK | |||
r-devel-windows-x86_64 | 1.4.2 | 28.00 | 245.00 | 273.00 | NOTE | |
r-patched-linux-x86_64 | 1.4.2 | 33.66 | 270.38 | 304.04 | OK | |
r-release-linux-x86_64 | 1.4.2 | 33.13 | 268.43 | 301.56 | OK | |
r-release-macos-arm64 | 1.4.2 | 108.00 | OK | |||
r-release-macos-x86_64 | 1.4.2 | 181.00 | OK | |||
r-release-windows-x86_64 | 1.4.2 | 29.00 | 240.00 | 269.00 | OK | |
r-oldrel-macos-arm64 | 1.4.2 | 111.00 | OK | |||
r-oldrel-macos-x86_64 | 1.4.2 | 318.00 | OK | |||
r-oldrel-windows-x86_64 | 1.4.2 | 41.00 | 319.00 | 360.00 | OK |
Version: 1.4.2
Check: Rd cross-references
Result: NOTE
Found the following Rd file(s) with Rd \link{} targets missing package
anchors:
phyplot.Rd: axisPhylo
Please provide package anchors for all Rd \link{} targets not in the
package itself and the base packages.
Flavors: r-devel-linux-x86_64-debian-clang, r-devel-linux-x86_64-debian-gcc, r-devel-windows-x86_64
These binaries (installable software) and packages are in development.
They may not be fully stable and should be used with caution. We make no claims about them.