Last updated on 2025-10-23 15:50:02 CEST.
Flavor | Version | Tinstall | Tcheck | Ttotal | Status | Flags |
---|---|---|---|---|---|---|
r-devel-linux-x86_64-debian-clang | 1.0.2 | 23.83 | 227.93 | 251.76 | NOTE | |
r-devel-linux-x86_64-debian-gcc | 1.0.2 | 17.30 | 151.90 | 169.20 | NOTE | |
r-devel-linux-x86_64-fedora-clang | 1.0.2 | 53.00 | 332.79 | 385.79 | NOTE | |
r-devel-linux-x86_64-fedora-gcc | 1.0.2 | 50.00 | 331.28 | 381.28 | NOTE | |
r-devel-windows-x86_64 | 1.0.2 | 24.00 | 224.00 | 248.00 | NOTE | |
r-patched-linux-x86_64 | 1.0.2 | 25.99 | 211.30 | 237.29 | NOTE | |
r-release-linux-x86_64 | 1.0.2 | 22.65 | 213.16 | 235.81 | NOTE | |
r-release-macos-arm64 | 1.0.2 | 8.00 | 85.00 | 93.00 | NOTE | |
r-release-macos-x86_64 | 1.0.2 | 15.00 | 158.00 | 173.00 | NOTE | |
r-release-windows-x86_64 | 1.0.2 | 22.00 | 232.00 | 254.00 | NOTE | |
r-oldrel-macos-arm64 | 1.0.2 | 9.00 | 78.00 | 87.00 | NOTE | |
r-oldrel-macos-x86_64 | 1.0.2 | 14.00 | 123.00 | 137.00 | NOTE | |
r-oldrel-windows-x86_64 | 1.0.2 | 33.00 | 292.00 | 325.00 | NOTE |
Version: 1.0.2
Check: Rd files
Result: NOTE
checkRd: (-1) imp_int_an.Rd:24: Lost braces in \itemize; meant \describe ?
checkRd: (-1) imp_int_an.Rd:25: Lost braces in \itemize; meant \describe ?
checkRd: (-1) plot.ndmodel.Rd:16: Lost braces in \itemize; meant \describe ?
checkRd: (-1) plot.ndmodel.Rd:17: Lost braces in \itemize; meant \describe ?
checkRd: (-1) plot.ndmodel.Rd:18: Lost braces in \itemize; meant \describe ?
Flavors: r-devel-linux-x86_64-debian-clang, r-devel-linux-x86_64-debian-gcc, r-devel-linux-x86_64-fedora-clang, r-devel-linux-x86_64-fedora-gcc, r-devel-windows-x86_64, r-patched-linux-x86_64, r-release-linux-x86_64, r-release-macos-arm64, r-release-macos-x86_64, r-release-windows-x86_64, r-oldrel-macos-arm64, r-oldrel-macos-x86_64, r-oldrel-windows-x86_64
These binaries (installable software) and packages are in development.
They may not be fully stable and should be used with caution. We make no claims about them.