CRAN Package Check Results for Package nolock

Last updated on 2025-02-16 08:50:55 CET.

Flavor Version Tinstall Tcheck Ttotal Status Flags
r-devel-linux-x86_64-debian-clang 1.1.0 2.94 23.82 26.76 NOTE
r-devel-linux-x86_64-debian-gcc 1.1.0 2.18 18.97 21.15 NOTE
r-devel-linux-x86_64-fedora-clang 1.1.0 43.08 NOTE
r-devel-linux-x86_64-fedora-gcc 1.1.0 55.09 NOTE
r-devel-macos-arm64 1.1.0 22.00 OK
r-devel-macos-x86_64 1.1.0 43.00 NOTE
r-devel-windows-x86_64 1.1.0 4.00 45.00 49.00 NOTE
r-patched-linux-x86_64 1.1.0 2.76 22.47 25.23 OK
r-release-linux-x86_64 1.1.0 2.78 22.50 25.28 OK
r-release-macos-arm64 1.1.0 22.00 OK
r-release-macos-x86_64 1.1.0 33.00 OK
r-release-windows-x86_64 1.1.0 5.00 49.00 54.00 OK
r-oldrel-macos-arm64 1.1.0 23.00 OK
r-oldrel-macos-x86_64 1.1.0 68.00 OK
r-oldrel-windows-x86_64 1.1.0 4.00 56.00 60.00 OK

Check Details

Version: 1.1.0
Check: DESCRIPTION meta-information
Result: NOTE Missing dependency on R >= 4.1.0 because package code uses the pipe |> or function shorthand \(...) syntax added in R 4.1.0. File(s) using such syntax: ‘libr_called.R’ ‘libr_unused.R’ ‘libr_used.R’ Flavors: r-devel-linux-x86_64-debian-clang, r-devel-linux-x86_64-debian-gcc, r-devel-linux-x86_64-fedora-clang, r-devel-linux-x86_64-fedora-gcc, r-devel-macos-x86_64, r-devel-windows-x86_64

These binaries (installable software) and packages are in development.
They may not be fully stable and should be used with caution. We make no claims about them.