Last updated on 2025-02-16 08:50:55 CET.
Flavor | Version | Tinstall | Tcheck | Ttotal | Status | Flags |
---|---|---|---|---|---|---|
r-devel-linux-x86_64-debian-clang | 3.0 | 10.74 | 88.76 | 99.50 | OK | |
r-devel-linux-x86_64-debian-gcc | 3.0 | 9.08 | 62.79 | 71.87 | OK | |
r-devel-linux-x86_64-fedora-clang | 3.0 | 160.09 | OK | |||
r-devel-linux-x86_64-fedora-gcc | 3.0 | 144.05 | OK | |||
r-devel-macos-arm64 | 3.0 | 45.00 | OK | |||
r-devel-macos-x86_64 | 3.0 | 78.00 | OK | |||
r-devel-windows-x86_64 | 3.0 | 12.00 | 90.00 | 102.00 | OK | |
r-patched-linux-x86_64 | 3.0 | 11.60 | 79.71 | 91.31 | NOTE | |
r-release-linux-x86_64 | 3.0 | 10.97 | 81.35 | 92.32 | NOTE | |
r-release-macos-arm64 | 3.0 | 43.00 | NOTE | |||
r-release-macos-x86_64 | 3.0 | 64.00 | NOTE | |||
r-release-windows-x86_64 | 3.0 | 12.00 | 101.00 | 113.00 | NOTE | |
r-oldrel-macos-arm64 | 3.0 | 52.00 | NOTE | |||
r-oldrel-macos-x86_64 | 3.0 | 78.00 | NOTE | |||
r-oldrel-windows-x86_64 | 3.0 | 16.00 | 107.00 | 123.00 | NOTE |
Version: 3.0
Check: LazyData
Result: NOTE
'LazyData' is specified without a 'data' directory
Flavors: r-patched-linux-x86_64, r-release-linux-x86_64, r-release-macos-arm64, r-release-macos-x86_64, r-release-windows-x86_64, r-oldrel-macos-arm64, r-oldrel-macos-x86_64, r-oldrel-windows-x86_64
These binaries (installable software) and packages are in development.
They may not be fully stable and should be used with caution. We make no claims about them.