Last updated on 2024-07-27 15:50:27 CEST.
Flavor | Version | Tinstall | Tcheck | Ttotal | Status | Flags |
---|---|---|---|---|---|---|
r-devel-linux-x86_64-debian-clang | 3.0 | 13.63 | 107.77 | 121.40 | NOTE | |
r-devel-linux-x86_64-debian-gcc | 3.0 | NOTE | ||||
r-devel-linux-x86_64-fedora-clang | 3.0 | 155.05 | NOTE | |||
r-devel-linux-x86_64-fedora-gcc | 3.0 | 143.68 | NOTE | |||
r-devel-windows-x86_64 | 3.0 | 12.00 | 92.00 | 104.00 | NOTE | |
r-patched-linux-x86_64 | 3.0 | NOTE | ||||
r-release-linux-x86_64 | 3.0 | 8.61 | 101.33 | 109.94 | NOTE | |
r-release-macos-arm64 | 3.0 | 43.00 | NOTE | |||
r-release-macos-x86_64 | 3.0 | 64.00 | NOTE | |||
r-release-windows-x86_64 | 3.0 | 13.00 | 90.00 | 103.00 | NOTE | |
r-oldrel-macos-arm64 | 3.0 | 52.00 | NOTE | |||
r-oldrel-macos-x86_64 | 3.0 | 78.00 | NOTE | |||
r-oldrel-windows-x86_64 | 3.0 | 17.00 | 111.00 | 128.00 | NOTE |
Version: 3.0
Check: LazyData
Result: NOTE
'LazyData' is specified without a 'data' directory
Flavors: r-devel-linux-x86_64-debian-clang, r-devel-linux-x86_64-debian-gcc, r-devel-linux-x86_64-fedora-clang, r-devel-linux-x86_64-fedora-gcc, r-devel-windows-x86_64, r-patched-linux-x86_64, r-release-linux-x86_64, r-release-macos-arm64, r-release-macos-x86_64, r-release-windows-x86_64, r-oldrel-macos-arm64, r-oldrel-macos-x86_64, r-oldrel-windows-x86_64
These binaries (installable software) and packages are in development.
They may not be fully stable and should be used with caution. We make no claims about them.