Last updated on 2025-02-19 17:50:58 CET.
Flavor | Version | Tinstall | Tcheck | Ttotal | Status | Flags |
---|---|---|---|---|---|---|
r-devel-linux-x86_64-debian-clang | 0.2.2 | 13.91 | 43.27 | 57.18 | OK | |
r-devel-linux-x86_64-debian-gcc | 0.2.2 | 10.64 | 30.62 | 41.26 | OK | |
r-devel-linux-x86_64-fedora-clang | 0.2.2 | 97.17 | NOTE | |||
r-devel-linux-x86_64-fedora-gcc | 0.2.2 | 93.75 | NOTE | |||
r-devel-macos-arm64 | 0.2.2 | 32.00 | OK | |||
r-devel-macos-x86_64 | 0.2.2 | 86.00 | OK | |||
r-devel-windows-x86_64 | 0.2.2 | 15.00 | 88.00 | 103.00 | OK | |
r-patched-linux-x86_64 | 0.2.2 | 14.89 | 40.47 | 55.36 | NOTE | |
r-release-linux-x86_64 | 0.2.2 | 14.63 | 40.58 | 55.21 | NOTE | |
r-release-macos-arm64 | 0.2.2 | 29.00 | NOTE | |||
r-release-macos-x86_64 | 0.2.2 | 53.00 | NOTE | |||
r-release-windows-x86_64 | 0.2.2 | 14.00 | 82.00 | 96.00 | NOTE | |
r-oldrel-macos-arm64 | 0.2.2 | 36.00 | NOTE | |||
r-oldrel-macos-x86_64 | 0.2.2 | 52.00 | NOTE | |||
r-oldrel-windows-x86_64 | 0.2.2 | 15.00 | 93.00 | 108.00 | NOTE |
Version: 0.2.2
Check: compiled code
Result: NOTE
File ‘noncompliance/libs/noncompliance.so’:
Found no calls to: ‘R_registerRoutines’, ‘R_useDynamicSymbols’
It is good practice to register native routines and to disable symbol
search.
See ‘Writing portable packages’ in the ‘Writing R Extensions’ manual.
Flavors: r-devel-linux-x86_64-fedora-clang, r-devel-linux-x86_64-fedora-gcc
Version: 0.2.2
Check: LazyData
Result: NOTE
'LazyData' is specified without a 'data' directory
Flavors: r-patched-linux-x86_64, r-release-linux-x86_64, r-release-macos-arm64, r-release-macos-x86_64, r-release-windows-x86_64, r-oldrel-macos-arm64, r-oldrel-macos-x86_64, r-oldrel-windows-x86_64
These binaries (installable software) and packages are in development.
They may not be fully stable and should be used with caution. We make no claims about them.