Last updated on 2024-07-27 15:50:27 CEST.
Flavor | Version | Tinstall | Tcheck | Ttotal | Status | Flags |
---|---|---|---|---|---|---|
r-devel-linux-x86_64-debian-clang | 0.4.0 | 14.74 | 234.16 | 248.90 | OK | |
r-devel-linux-x86_64-debian-gcc | 0.4.0 | OK | ||||
r-devel-linux-x86_64-fedora-clang | 0.4.0 | 330.70 | NOTE | |||
r-devel-linux-x86_64-fedora-gcc | 0.4.0 | 307.06 | NOTE | |||
r-devel-windows-x86_64 | 0.4.0 | 14.00 | 197.00 | 211.00 | OK | |
r-patched-linux-x86_64 | 0.4.0 | OK | ||||
r-release-linux-x86_64 | 0.4.0 | 9.85 | 219.76 | 229.61 | OK | |
r-release-macos-arm64 | 0.4.0 | 99.00 | OK | |||
r-release-macos-x86_64 | 0.4.0 | 145.00 | OK | |||
r-release-windows-x86_64 | 0.4.0 | 15.00 | 196.00 | 211.00 | OK | |
r-oldrel-macos-arm64 | 0.4.0 | 113.00 | OK | |||
r-oldrel-macos-x86_64 | 0.4.0 | 187.00 | OK | |||
r-oldrel-windows-x86_64 | 0.4.0 | 19.00 | 226.00 | 245.00 | OK |
Version: 0.4.0
Check: dependencies in R code
Result: NOTE
Namespaces in Imports field not imported from:
‘dplyr’ ‘e1071’ ‘pROC’ ‘purrr’ ‘randomForest’ ‘rlang’
All declared Imports should be used.
Flavors: r-devel-linux-x86_64-fedora-clang, r-devel-linux-x86_64-fedora-gcc
These binaries (installable software) and packages are in development.
They may not be fully stable and should be used with caution. We make no claims about them.