Last updated on 2025-07-02 01:51:44 CEST.
Flavor | Version | Tinstall | Tcheck | Ttotal | Status | Flags |
---|---|---|---|---|---|---|
r-devel-linux-x86_64-debian-clang | 0.4.0 | 14.01 | 197.60 | 211.61 | OK | |
r-devel-linux-x86_64-debian-gcc | 0.4.0 | 9.54 | 147.61 | 157.15 | OK | |
r-devel-linux-x86_64-fedora-clang | 0.4.0 | 334.07 | NOTE | |||
r-devel-linux-x86_64-fedora-gcc | 0.4.0 | 330.90 | NOTE | |||
r-devel-windows-x86_64 | 0.4.0 | 16.00 | 206.00 | 222.00 | OK | |
r-patched-linux-x86_64 | OK | |||||
r-release-linux-x86_64 | 0.4.0 | 12.64 | 180.19 | 192.83 | OK | |
r-release-macos-arm64 | 0.4.0 | 107.00 | OK | |||
r-release-macos-x86_64 | 0.4.0 | 333.00 | OK | |||
r-release-windows-x86_64 | 0.4.0 | 14.00 | 194.00 | 208.00 | OK | |
r-oldrel-macos-arm64 | 0.4.0 | 99.00 | OK | |||
r-oldrel-macos-x86_64 | 0.4.0 | 145.00 | OK | |||
r-oldrel-windows-x86_64 | 0.4.0 | 20.00 | 265.00 | 285.00 | OK |
Version: 0.4.0
Check: dependencies in R code
Result: NOTE
Namespaces in Imports field not imported from:
‘dplyr’ ‘e1071’ ‘pROC’ ‘purrr’ ‘randomForest’ ‘rlang’
All declared Imports should be used.
Flavors: r-devel-linux-x86_64-fedora-clang, r-devel-linux-x86_64-fedora-gcc
These binaries (installable software) and packages are in development.
They may not be fully stable and should be used with caution. We make no claims about them.