Last updated on 2025-07-05 03:48:43 CEST.
Flavor | Version | Tinstall | Tcheck | Ttotal | Status | Flags |
---|---|---|---|---|---|---|
r-devel-linux-x86_64-debian-clang | 0.2.5 | 9.96 | 137.27 | 147.23 | NOTE | |
r-devel-linux-x86_64-debian-gcc | 0.2.5 | 6.70 | 94.33 | 101.03 | NOTE | |
r-devel-linux-x86_64-fedora-clang | 0.2.5 | 229.31 | OK | |||
r-devel-linux-x86_64-fedora-gcc | 0.2.5 | 232.69 | OK | |||
r-devel-windows-x86_64 | 0.2.5 | 13.00 | 155.00 | 168.00 | OK | |
r-patched-linux-x86_64 | 0.2.5 | 10.64 | 130.26 | 140.90 | OK | |
r-release-linux-x86_64 | 0.2.5 | 8.61 | 132.09 | 140.70 | OK | |
r-release-macos-arm64 | 0.2.5 | 57.00 | OK | |||
r-release-macos-x86_64 | 0.2.5 | 112.00 | OK | |||
r-release-windows-x86_64 | 0.2.5 | 13.00 | 143.00 | 156.00 | OK | |
r-oldrel-macos-arm64 | 0.2.5 | 58.00 | OK | |||
r-oldrel-macos-x86_64 | 0.2.5 | 93.00 | OK | |||
r-oldrel-windows-x86_64 | 0.2.5 | 16.00 | 170.00 | 186.00 | OK |
Version: 0.2.5
Check: CRAN incoming feasibility
Result: NOTE
Maintainer: ‘Magnus Astrand <magnus.astrand@astrazeneca.com>’
No Authors@R field in DESCRIPTION.
Please add one, modifying
Authors@R: person(given = "Magnus",
family = "Astrand",
role = c("aut", "cre"),
email = "magnus.astrand@astrazeneca.com")
as necessary.
Flavors: r-devel-linux-x86_64-debian-clang, r-devel-linux-x86_64-debian-gcc
These binaries (installable software) and packages are in development.
They may not be fully stable and should be used with caution. We make no claims about them.