CRAN Package Check Results for Package nonmem2R

Last updated on 2025-05-01 14:49:16 CEST.

Flavor Version Tinstall Tcheck Ttotal Status Flags
r-devel-linux-x86_64-debian-clang 0.2.5 10.67 136.46 147.13 NOTE
r-devel-linux-x86_64-debian-gcc 0.2.5 5.99 96.81 102.80 NOTE
r-devel-linux-x86_64-fedora-clang 0.2.5 215.87 OK
r-devel-linux-x86_64-fedora-gcc 0.2.5 232.26 OK
r-devel-windows-x86_64 0.2.5 12.00 159.00 171.00 OK
r-patched-linux-x86_64 0.2.5 10.21 129.85 140.06 OK
r-release-linux-x86_64 OK
r-release-macos-arm64 0.2.5 57.00 OK
r-release-macos-x86_64 0.2.5 112.00 OK
r-release-windows-x86_64 0.2.5 13.00 168.00 181.00 OK
r-oldrel-macos-arm64 0.2.5 58.00 OK
r-oldrel-macos-x86_64 0.2.5 93.00 OK
r-oldrel-windows-x86_64 0.2.5 15.00 165.00 180.00 OK

Check Details

Version: 0.2.5
Check: CRAN incoming feasibility
Result: NOTE Maintainer: ‘Magnus Astrand <magnus.astrand@astrazeneca.com>’ No Authors@R field in DESCRIPTION. Please add one, modifying Authors@R: person(given = "Magnus", family = "Astrand", role = c("aut", "cre"), email = "magnus.astrand@astrazeneca.com") as necessary. Flavors: r-devel-linux-x86_64-debian-clang, r-devel-linux-x86_64-debian-gcc

Version: 0.2.5
Check: examples
Result: NOTE Examples with CPU (user + system) or elapsed time > 5s user system elapsed basic.GOF4 4.989 0.114 7.044 Flavor: r-devel-linux-x86_64-debian-clang

These binaries (installable software) and packages are in development.
They may not be fully stable and should be used with caution. We make no claims about them.