CRAN Package Check Results for Package nonmem2rx

Last updated on 2025-07-22 13:49:19 CEST.

Flavor Version Tinstall Tcheck Ttotal Status Flags
r-devel-linux-x86_64-debian-clang 0.1.7 32.19 198.16 230.35 OK
r-devel-linux-x86_64-debian-gcc 0.1.7 25.08 142.55 167.63 OK
r-devel-linux-x86_64-fedora-clang 0.1.7 362.42 OK
r-devel-linux-x86_64-fedora-gcc 0.1.7 299.24 OK
r-devel-windows-x86_64 0.1.7 51.00 275.00 326.00 OK
r-patched-linux-x86_64 0.1.6 35.42 178.44 213.86 OK
r-release-linux-x86_64 0.1.7 31.23 183.11 214.34 OK
r-release-macos-arm64 0.1.7 124.00 OK
r-release-macos-x86_64 0.1.7 265.00 OK
r-release-windows-x86_64 0.1.7 44.00 279.00 323.00 OK
r-oldrel-macos-arm64 0.1.7 124.00 NOTE
r-oldrel-macos-x86_64 0.1.7 246.00 NOTE
r-oldrel-windows-x86_64 0.1.7 62.00 356.00 418.00 NOTE

Check Details

Version: 0.1.7
Check: installed package size
Result: NOTE installed size is 9.3Mb sub-directories of 1Mb or more: libs 5.3Mb mods 3.3Mb Flavors: r-oldrel-macos-arm64, r-oldrel-macos-x86_64, r-oldrel-windows-x86_64

These binaries (installable software) and packages are in development.
They may not be fully stable and should be used with caution. We make no claims about them.