Last updated on 2025-11-11 17:50:07 CET.
| Flavor | Version | Tinstall | Tcheck | Ttotal | Status | Flags |
|---|---|---|---|---|---|---|
| r-devel-linux-x86_64-debian-clang | 0.1.8 | 34.23 | 208.56 | 242.79 | OK | |
| r-devel-linux-x86_64-debian-gcc | 0.1.8 | 24.27 | 144.60 | 168.87 | OK | |
| r-devel-linux-x86_64-fedora-clang | 0.1.8 | 46.00 | 329.84 | 375.84 | OK | |
| r-devel-linux-x86_64-fedora-gcc | 0.1.8 | 82.00 | 347.60 | 429.60 | OK | |
| r-devel-windows-x86_64 | 0.1.8 | 57.00 | 288.00 | 345.00 | OK | |
| r-patched-linux-x86_64 | 0.1.8 | 33.82 | 194.96 | 228.78 | OK | |
| r-release-linux-x86_64 | 0.1.8 | 35.76 | 193.71 | 229.47 | OK | |
| r-release-macos-arm64 | 0.1.8 | 13.00 | 98.00 | 111.00 | OK | |
| r-release-macos-x86_64 | 0.1.8 | 28.00 | 188.00 | 216.00 | OK | |
| r-release-windows-x86_64 | 0.1.8 | 54.00 | 287.00 | 341.00 | OK | |
| r-oldrel-macos-arm64 | 0.1.8 | 9.00 | 78.00 | 87.00 | NOTE | |
| r-oldrel-macos-x86_64 | 0.1.8 | 28.00 | 192.00 | 220.00 | NOTE | |
| r-oldrel-windows-x86_64 | 0.1.8 | 71.00 | 367.00 | 438.00 | NOTE |
Version: 0.1.8
Check: installed package size
Result: NOTE
installed size is 9.3Mb
sub-directories of 1Mb or more:
libs 5.3Mb
mods 3.3Mb
Flavors: r-oldrel-macos-arm64, r-oldrel-macos-x86_64, r-oldrel-windows-x86_64
These binaries (installable software) and packages are in development.
They may not be fully stable and should be used with caution. We make no claims about them.