CRAN Package Check Results for Package nonmem2rx

Last updated on 2025-10-03 05:53:41 CEST.

Flavor Version Tinstall Tcheck Ttotal Status Flags
r-devel-linux-x86_64-debian-clang 0.1.8 33.74 209.58 243.32 OK
r-devel-linux-x86_64-debian-gcc 0.1.8 25.17 149.44 174.61 OK
r-devel-linux-x86_64-fedora-clang 0.1.8 357.96 OK
r-devel-linux-x86_64-fedora-gcc 0.1.8 422.18 OK
r-devel-windows-x86_64 0.1.8 56.00 294.00 350.00 OK
r-patched-linux-x86_64 0.1.8 35.50 198.07 233.57 OK
r-release-linux-x86_64 0.1.8 35.96 199.06 235.02 OK
r-release-macos-arm64 0.1.8 111.00 OK
r-release-macos-x86_64 0.1.8 216.00 OK
r-release-windows-x86_64 0.1.8 54.00 297.00 351.00 OK
r-oldrel-macos-arm64 0.1.8 87.00 NOTE
r-oldrel-macos-x86_64 0.1.8 220.00 NOTE
r-oldrel-windows-x86_64 0.1.8 69.00 373.00 442.00 NOTE

Check Details

Version: 0.1.8
Check: installed package size
Result: NOTE installed size is 9.3Mb sub-directories of 1Mb or more: libs 5.3Mb mods 3.3Mb Flavors: r-oldrel-macos-arm64, r-oldrel-macos-x86_64, r-oldrel-windows-x86_64

These binaries (installable software) and packages are in development.
They may not be fully stable and should be used with caution. We make no claims about them.