CRAN Package Check Results for Package nonpar

Last updated on 2025-07-01 11:49:25 CEST.

Flavor Version Tinstall Tcheck Ttotal Status Flags
r-devel-linux-x86_64-debian-clang 1.0.2 1.89 20.23 22.12 NOTE
r-devel-linux-x86_64-debian-gcc 1.0.2 1.64 16.41 18.05 NOTE
r-devel-linux-x86_64-fedora-clang 1.0.2 34.70 OK
r-devel-linux-x86_64-fedora-gcc 1.0.2 34.33 OK
r-devel-windows-x86_64 1.0.2 3.00 42.00 45.00 OK
r-patched-linux-x86_64 OK
r-release-linux-x86_64 1.0.2 2.04 19.00 21.04 OK
r-release-macos-arm64 1.0.2 18.00 OK
r-release-macos-x86_64 1.0.2 30.00 OK
r-release-windows-x86_64 1.0.2 3.00 46.00 49.00 OK
r-oldrel-macos-arm64 1.0.2 16.00 NOTE
r-oldrel-macos-x86_64 1.0.2 21.00 NOTE
r-oldrel-windows-x86_64 1.0.2 3.00 41.00 44.00 NOTE

Check Details

Version: 1.0.2
Check: CRAN incoming feasibility
Result: NOTE Maintainer: ‘D. Lukke Sweet <dlukkesweet@gmail.com>’ No Authors@R field in DESCRIPTION. Please add one, modifying Authors@R: person(given = c("D.", "Lukke"), family = "Sweet", role = c("aut", "cre"), email = "dlukkesweet@gmail.com") as necessary. Flavors: r-devel-linux-x86_64-debian-clang, r-devel-linux-x86_64-debian-gcc

Version: 1.0.2
Check: LazyData
Result: NOTE 'LazyData' is specified without a 'data' directory Flavors: r-oldrel-macos-arm64, r-oldrel-macos-x86_64, r-oldrel-windows-x86_64

These binaries (installable software) and packages are in development.
They may not be fully stable and should be used with caution. We make no claims about them.