CRAN Package Check Results for Package nonparaeff

Last updated on 2025-02-19 17:50:58 CET.

Flavor Version Tinstall Tcheck Ttotal Status Flags
r-devel-linux-x86_64-debian-clang 0.5-13 8.06 57.30 65.36 NOTE
r-devel-linux-x86_64-debian-gcc 0.5-13 5.63 40.95 46.58 NOTE
r-devel-linux-x86_64-fedora-clang 0.5-13 105.12 OK
r-devel-linux-x86_64-fedora-gcc 0.5-13 98.31 OK
r-devel-macos-arm64 0.5-13 33.00 OK
r-devel-macos-x86_64 0.5-13 55.00 OK
r-devel-windows-x86_64 0.5-13 9.00 77.00 86.00 NOTE
r-patched-linux-x86_64 0.5-13 13.42 53.27 66.69 OK
r-release-linux-x86_64 0.5-13 5.94 53.67 59.61 OK
r-release-macos-arm64 0.5-13 35.00 OK
r-release-macos-x86_64 0.5-13 64.00 OK
r-release-windows-x86_64 0.5-13 9.00 76.00 85.00 OK
r-oldrel-macos-arm64 0.5-13 35.00 OK
r-oldrel-macos-x86_64 0.5-13 51.00 OK
r-oldrel-windows-x86_64 0.5-13 11.00 87.00 98.00 OK

Check Details

Version: 0.5-13
Check: Rd cross-references
Result: NOTE Found the following Rd file(s) with Rd \link{} targets missing package anchors: lp2.Rd: lp Please provide package anchors for all Rd \link{} targets not in the package itself and the base packages. Flavors: r-devel-linux-x86_64-debian-clang, r-devel-linux-x86_64-debian-gcc, r-devel-windows-x86_64

These binaries (installable software) and packages are in development.
They may not be fully stable and should be used with caution. We make no claims about them.