CRAN Package Check Results for Package nonprobsvy

Last updated on 2025-10-23 09:50:52 CEST.

Flavor Version Tinstall Tcheck Ttotal Status Flags
r-devel-linux-x86_64-debian-clang 0.2.3 35.70 258.88 294.58 NOTE
r-devel-linux-x86_64-debian-gcc 0.2.3 24.70 176.55 201.25 OK
r-devel-linux-x86_64-fedora-clang 0.2.3 74.00 388.81 462.81 OK
r-devel-linux-x86_64-fedora-gcc 0.2.3 93.00 377.72 470.72 OK
r-devel-windows-x86_64 0.2.3 42.00 318.00 360.00 OK
r-patched-linux-x86_64 0.2.3 37.08 260.53 297.61 OK
r-release-linux-x86_64 0.2.3 35.78 261.00 296.78 OK
r-release-macos-arm64 0.2.3 15.00 145.00 160.00 OK
r-release-macos-x86_64 0.2.3 28.00 372.00 400.00 OK
r-release-windows-x86_64 0.2.3 43.00 328.00 371.00 OK
r-oldrel-macos-arm64 0.2.3 16.00 153.00 169.00 OK
r-oldrel-macos-x86_64 0.2.3 26.00 339.00 365.00 OK
r-oldrel-windows-x86_64 0.2.3 50.00 422.00 472.00 OK

Check Details

Version: 0.2.3
Check: HTML version of manual
Result: NOTE Found the following HTML validation problems: print.nonprob_summary.html:64:1 (print.nonprob_summary.Rd:18): Warning: missing </ul> before </div> Flavor: r-devel-linux-x86_64-debian-clang

These binaries (installable software) and packages are in development.
They may not be fully stable and should be used with caution. We make no claims about them.