Last updated on 2025-10-25 13:48:44 CEST.
| Flavor | Version | Tinstall | Tcheck | Ttotal | Status | Flags |
|---|---|---|---|---|---|---|
| r-devel-linux-x86_64-debian-clang | 1.0.0 | 3.56 | 36.75 | 40.31 | NOTE | |
| r-devel-linux-x86_64-debian-gcc | 1.0.0 | 2.96 | 29.28 | 32.24 | NOTE | |
| r-devel-linux-x86_64-fedora-clang | 1.0.0 | 60.17 | OK | |||
| r-devel-linux-x86_64-fedora-gcc | 1.0.0 | 57.42 | OK | |||
| r-devel-windows-x86_64 | 1.0.0 | 5.00 | 53.00 | 58.00 | OK | |
| r-patched-linux-x86_64 | 1.0.0 | 3.91 | 34.38 | 38.29 | OK | |
| r-release-linux-x86_64 | 1.0.0 | 3.23 | 34.62 | 37.85 | OK | |
| r-release-macos-arm64 | 1.0.0 | 2.00 | 23.00 | 25.00 | OK | |
| r-release-macos-x86_64 | 1.0.0 | 3.00 | 37.00 | 40.00 | OK | |
| r-release-windows-x86_64 | 1.0.0 | 6.00 | 54.00 | 60.00 | OK | |
| r-oldrel-macos-arm64 | 1.0.0 | 2.00 | 18.00 | 20.00 | OK | |
| r-oldrel-macos-x86_64 | 1.0.0 | 3.00 | 27.00 | 30.00 | OK | |
| r-oldrel-windows-x86_64 | 1.0.0 | 7.00 | 65.00 | 72.00 | OK |
Version: 1.0.0
Check: CRAN incoming feasibility
Result: NOTE
Maintainer: ‘Kevin Chang <k.chang@auckland.ac.nz>’
Package CITATION file contains call(s) to old-style citEntry(). Please
use bibentry() instead.
Flavors: r-devel-linux-x86_64-debian-clang, r-devel-linux-x86_64-debian-gcc
These binaries (installable software) and packages are in development.
They may not be fully stable and should be used with caution. We make no claims about them.