CRAN Package Check Results for Package normalr

Last updated on 2025-05-01 12:49:35 CEST.

Flavor Version Tinstall Tcheck Ttotal Status Flags
r-devel-linux-x86_64-debian-clang 1.0.0 3.84 35.42 39.26 NOTE
r-devel-linux-x86_64-debian-gcc 1.0.0 2.86 27.94 30.80 NOTE
r-devel-linux-x86_64-fedora-clang 1.0.0 60.01 OK
r-devel-linux-x86_64-fedora-gcc 1.0.0 58.94 OK
r-devel-windows-x86_64 1.0.0 5.00 58.00 63.00 OK
r-patched-linux-x86_64 1.0.0 3.80 33.64 37.44 OK
r-release-linux-x86_64 OK
r-release-macos-arm64 1.0.0 25.00 OK
r-release-macos-x86_64 1.0.0 40.00 OK
r-release-windows-x86_64 1.0.0 6.00 62.00 68.00 OK
r-oldrel-macos-arm64 1.0.0 20.00 OK
r-oldrel-macos-x86_64 1.0.0 30.00 OK
r-oldrel-windows-x86_64 1.0.0 7.00 62.00 69.00 OK

Check Details

Version: 1.0.0
Check: CRAN incoming feasibility
Result: NOTE Maintainer: ‘Kevin Chang <k.chang@auckland.ac.nz>’ Package CITATION file contains call(s) to old-style citEntry(). Please use bibentry() instead. Flavors: r-devel-linux-x86_64-debian-clang, r-devel-linux-x86_64-debian-gcc

These binaries (installable software) and packages are in development.
They may not be fully stable and should be used with caution. We make no claims about them.