CRAN Package Check Results for Package nortestARMA

Last updated on 2025-05-22 06:51:52 CEST.

Flavor Version Tinstall Tcheck Ttotal Status Flags
r-devel-linux-x86_64-debian-clang 1.0.2 3.94 22.37 26.31 NOTE
r-devel-linux-x86_64-debian-gcc 1.0.2 3.12 17.90 21.02 NOTE
r-devel-linux-x86_64-fedora-clang 1.0.2 40.43 OK
r-devel-linux-x86_64-fedora-gcc 1.0.2 40.09 OK
r-devel-windows-x86_64 1.0.2 7.00 60.00 67.00 OK
r-patched-linux-x86_64 1.0.2 3.69 21.53 25.22 OK
r-release-linux-x86_64 1.0.2 3.32 21.48 24.80 OK
r-release-macos-arm64 1.0.2 20.00 OK
r-release-macos-x86_64 1.0.2 37.00 OK
r-release-windows-x86_64 1.0.2 7.00 56.00 63.00 OK
r-oldrel-macos-arm64 1.0.2 19.00 OK
r-oldrel-macos-x86_64 1.0.2 26.00 OK
r-oldrel-windows-x86_64 1.0.2 9.00 49.00 58.00 OK

Check Details

Version: 1.0.2
Check: CRAN incoming feasibility
Result: NOTE Maintainer: ‘Pierre Lafaye de Micheaux <lafaye@unsw.edu.au>’ No Authors@R field in DESCRIPTION. Please add one, modifying Authors@R: c(person(given = "Pierre", family = "Duchesne", role = "aut"), person(given = c("Pierre", "Lafaye"), family = "de Micheaux", role = c("aut", "cre"), email = "lafaye@unsw.edu.au")) as necessary. Package CITATION file contains call(s) to old-style personList() or as.personList(). Please use c() on person objects instead. Package CITATION file contains call(s) to old-style citEntry(). Please use bibentry() instead. Flavors: r-devel-linux-x86_64-debian-clang, r-devel-linux-x86_64-debian-gcc

These binaries (installable software) and packages are in development.
They may not be fully stable and should be used with caution. We make no claims about them.