Last updated on 2025-02-07 08:51:30 CET.
Flavor | Version | Tinstall | Tcheck | Ttotal | Status | Flags |
---|---|---|---|---|---|---|
r-devel-linux-x86_64-debian-clang | 1.1.2 | 8.05 | 105.59 | 113.64 | NOTE | |
r-devel-linux-x86_64-debian-gcc | 1.1.2 | 5.80 | 73.72 | 79.52 | NOTE | |
r-devel-linux-x86_64-fedora-clang | 1.1.2 | 183.35 | OK | |||
r-devel-linux-x86_64-fedora-gcc | 1.1.2 | 168.13 | OK | |||
r-devel-windows-x86_64 | 1.1.2 | 11.00 | 115.00 | 126.00 | NOTE | |
r-patched-linux-x86_64 | 1.1.2 | 13.01 | 95.90 | 108.91 | OK | |
r-release-linux-x86_64 | 1.1.2 | 7.21 | 98.23 | 105.44 | OK | |
r-release-macos-arm64 | 1.1.2 | 46.00 | OK | |||
r-release-macos-x86_64 | 1.1.2 | 109.00 | OK | |||
r-release-windows-x86_64 | 1.1.2 | 10.00 | 122.00 | 132.00 | OK | |
r-oldrel-macos-arm64 | 1.1.2 | 53.00 | OK | |||
r-oldrel-macos-x86_64 | 1.1.2 | 97.00 | OK | |||
r-oldrel-windows-x86_64 | 1.1.2 | 13.00 | 135.00 | 148.00 | OK |
Version: 1.1.2
Check: Rd cross-references
Result: NOTE
Found the following Rd file(s) with Rd \link{} targets missing package
anchors:
autoplot.ts.Rd: geom_forecast, fortify
Please provide package anchors for all Rd \link{} targets not in the
package itself and the base packages.
Flavors: r-devel-linux-x86_64-debian-clang, r-devel-linux-x86_64-debian-gcc, r-devel-windows-x86_64
These binaries (installable software) and packages are in development.
They may not be fully stable and should be used with caution. We make no claims about them.