Last updated on 2025-10-31 01:49:05 CET.
| Flavor | Version | Tinstall | Tcheck | Ttotal | Status | Flags | 
|---|---|---|---|---|---|---|
| r-devel-linux-x86_64-debian-clang | 1.1.2 | 10.31 | 124.25 | 134.56 | NOTE | |
| r-devel-linux-x86_64-debian-gcc | 1.1.2 | 7.41 | 93.15 | 100.56 | NOTE | |
| r-devel-linux-x86_64-fedora-clang | 1.1.2 | 18.00 | 186.54 | 204.54 | OK | |
| r-devel-linux-x86_64-fedora-gcc | 1.1.2 | 19.00 | 180.31 | 199.31 | OK | |
| r-devel-windows-x86_64 | 1.1.2 | 11.00 | 132.00 | 143.00 | NOTE | |
| r-patched-linux-x86_64 | 1.1.2 | 10.24 | 118.44 | 128.68 | NOTE | |
| r-release-linux-x86_64 | 1.1.2 | 8.05 | 117.95 | 126.00 | NOTE | |
| r-release-macos-arm64 | 1.1.2 | 4.00 | 44.00 | 48.00 | OK | |
| r-release-macos-x86_64 | 1.1.2 | 8.00 | 90.00 | 98.00 | OK | |
| r-release-windows-x86_64 | 1.1.2 | 13.00 | 128.00 | 141.00 | NOTE | |
| r-oldrel-macos-arm64 | 1.1.2 | 4.00 | 42.00 | 46.00 | OK | |
| r-oldrel-macos-x86_64 | 1.1.2 | 7.00 | 102.00 | 109.00 | OK | |
| r-oldrel-windows-x86_64 | 1.1.2 | 16.00 | 159.00 | 175.00 | OK | 
Version: 1.1.2
Check: Rd cross-references
Result: NOTE
  Found the following Rd file(s) with Rd \link{} targets missing package
  anchors:
    autoplot.ts.Rd: geom_forecast, fortify
  Please provide package anchors for all Rd \link{} targets not in the
  package itself and the base packages.
Flavors: r-devel-linux-x86_64-debian-clang, r-devel-linux-x86_64-debian-gcc, r-devel-windows-x86_64, r-patched-linux-x86_64, r-release-linux-x86_64, r-release-windows-x86_64
These binaries (installable software) and packages are in development.
They may not be fully stable and should be used with caution. We make no claims about them.