Last updated on 2025-10-23 11:50:21 CEST.
Flavor | Version | Tinstall | Tcheck | Ttotal | Status | Flags |
---|---|---|---|---|---|---|
r-devel-linux-x86_64-debian-clang | 1.1.2 | 4.43 | 215.10 | 219.53 | NOTE | |
r-devel-linux-x86_64-debian-gcc | 1.1.2 | 3.03 | 136.81 | 139.84 | OK | |
r-devel-linux-x86_64-fedora-clang | 1.1.2 | 25.00 | 329.11 | 354.11 | OK | |
r-devel-linux-x86_64-fedora-gcc | 1.1.2 | 36.00 | 330.78 | 366.78 | OK | |
r-devel-windows-x86_64 | 1.1.2 | 6.00 | 194.00 | 200.00 | OK | |
r-patched-linux-x86_64 | 1.1.2 | 5.07 | 195.43 | 200.50 | OK | |
r-release-linux-x86_64 | 1.1.2 | 4.50 | 195.98 | 200.48 | OK | |
r-release-macos-arm64 | 1.1.2 | 2.00 | 98.00 | 100.00 | OK | |
r-release-macos-x86_64 | 1.1.2 | 4.00 | 185.00 | 189.00 | OK | |
r-release-windows-x86_64 | 1.1.2 | 6.00 | 203.00 | 209.00 | OK | |
r-oldrel-macos-arm64 | 1.1.2 | 2.00 | 80.00 | 82.00 | OK | |
r-oldrel-macos-x86_64 | 1.1.2 | 3.00 | 131.00 | 134.00 | OK | |
r-oldrel-windows-x86_64 | 1.1.2 | 8.00 | 256.00 | 264.00 | OK |
Version: 1.1.2
Check: HTML version of manual
Result: NOTE
Found the following HTML validation problems:
CoreSanityChecks.html:54:1 (CoreSanityChecks.Rd:14): Warning: missing </ul> before </div>
FunctionSanityChecks.html:83:1 (FunctionSanityChecks.Rd:33): Warning: missing </ul> before </div>
MatrixSanityChecks.html:50:1 (MatrixSanityChecks.Rd:12): Warning: missing </ul> before </div>
RasterSanityChecks.html:50:1 (RasterSanityChecks.Rd:12): Warning: missing </ul> before </div>
endMessage.html:58:1 (endMessage.Rd:16): Warning: missing </ul> before </div>
iniTable.html:83:1 (iniTable.Rd:33): Warning: missing </ul> before </div>
iniTableState.html:68:1 (iniTableState.Rd:24): Warning: missing </ul> before </div>
moveRotateContinuous.html:58:1 (moveRotateContinuous.Rd:16): Warning: missing </ul> before </div>
progressMessage.html:83:1 (progressMessage.Rd:33): Warning: missing </ul> before </div>
Flavor: r-devel-linux-x86_64-debian-clang
These binaries (installable software) and packages are in development.
They may not be fully stable and should be used with caution. We make no claims about them.