Last updated on 2025-05-21 23:48:49 CEST.
Flavor | Version | Tinstall | Tcheck | Ttotal | Status | Flags |
---|---|---|---|---|---|---|
r-devel-linux-x86_64-debian-clang | 0.60-18 | 52.25 | 382.79 | 435.04 | NOTE | |
r-devel-linux-x86_64-debian-gcc | 0.60-18 | 37.83 | 259.74 | 297.57 | NOTE | |
r-devel-linux-x86_64-fedora-clang | 0.60-18 | 694.87 | OK | |||
r-devel-linux-x86_64-fedora-gcc | 0.60-18 | 735.60 | OK | |||
r-devel-windows-x86_64 | 0.60-18 | 64.00 | 149.00 | 213.00 | OK | --no-examples --no-tests --no-vignettes |
r-patched-linux-x86_64 | 0.60-18 | 67.99 | 364.62 | 432.61 | NOTE | |
r-release-linux-x86_64 | 0.60-18 | 57.58 | 362.08 | 419.66 | NOTE | |
r-release-macos-arm64 | 0.60-18 | 269.00 | OK | |||
r-release-macos-x86_64 | 0.60-18 | 499.00 | OK | |||
r-release-windows-x86_64 | 0.60-18 | 68.00 | 154.00 | 222.00 | OK | --no-examples --no-tests --no-vignettes |
r-oldrel-macos-arm64 | 0.60-18 | 180.00 | OK | |||
r-oldrel-macos-x86_64 | 0.60-18 | 402.00 | OK | |||
r-oldrel-windows-x86_64 | 0.60-18 | 82.00 | 139.00 | 221.00 | OK | --no-examples --no-tests --no-vignettes |
Version: 0.60-18
Check: for unstated dependencies in ‘demo’
Result: NOTE
'::' or ':::' import not declared from: ‘crs’
'library' or 'require' call not declared from: ‘crs’
Flavors: r-devel-linux-x86_64-debian-clang, r-devel-linux-x86_64-debian-gcc, r-patched-linux-x86_64, r-release-linux-x86_64
These binaries (installable software) and packages are in development.
They may not be fully stable and should be used with caution. We make no claims about them.