CRAN Package Check Results for Package npIntFactRep

Last updated on 2025-11-11 15:50:41 CET.

Flavor Version Tinstall Tcheck Ttotal Status Flags
r-devel-linux-x86_64-debian-clang 1.5 10.94 89.69 100.63 NOTE
r-devel-linux-x86_64-debian-gcc 1.5 7.69 66.19 73.88 NOTE
r-devel-linux-x86_64-fedora-clang 1.5 26.00 136.13 162.13 OK
r-devel-linux-x86_64-fedora-gcc 1.5 23.00 128.15 151.15 OK
r-devel-windows-x86_64 1.5 14.00 87.00 101.00 OK
r-patched-linux-x86_64 1.5 10.97 84.88 95.85 OK
r-release-linux-x86_64 1.5 10.49 85.49 95.98 OK
r-release-macos-arm64 1.5 6.00 43.00 49.00 OK
r-release-macos-x86_64 1.5 9.00 68.00 77.00 OK
r-release-windows-x86_64 1.5 13.00 90.00 103.00 OK
r-oldrel-macos-arm64 1.5 5.00 34.00 39.00 OK
r-oldrel-macos-x86_64 1.5 7.00 49.00 56.00 OK
r-oldrel-windows-x86_64 1.5 17.00 111.00 128.00 OK

Check Details

Version: 1.5
Check: CRAN incoming feasibility
Result: NOTE Maintainer: ‘Jos Feys <jos.feys@faber.kuleuven.be>’ No Authors@R field in DESCRIPTION. Please add one, modifying Authors@R: person(given = "Jos", family = "Feys", role = c("aut", "cre"), email = "jos.feys@faber.kuleuven.be") as necessary. Flavors: r-devel-linux-x86_64-debian-clang, r-devel-linux-x86_64-debian-gcc

These binaries (installable software) and packages are in development.
They may not be fully stable and should be used with caution. We make no claims about them.