Last updated on 2025-05-01 14:49:16 CEST.
Flavor | Version | Tinstall | Tcheck | Ttotal | Status | Flags |
---|---|---|---|---|---|---|
r-devel-linux-x86_64-debian-clang | 0.1.1 | 5.50 | 68.57 | 74.07 | NOTE | |
r-devel-linux-x86_64-debian-gcc | 0.1.1 | 4.45 | 45.39 | 49.84 | OK | |
r-devel-linux-x86_64-fedora-clang | 0.1.1 | 109.31 | OK | |||
r-devel-linux-x86_64-fedora-gcc | 0.1.1 | 106.88 | OK | |||
r-devel-windows-x86_64 | 0.1.1 | 9.00 | 81.00 | 90.00 | OK | |
r-patched-linux-x86_64 | 0.1.1 | 5.58 | 62.99 | 68.57 | OK | |
r-release-linux-x86_64 | OK | |||||
r-release-macos-arm64 | 0.1.1 | 31.00 | OK | |||
r-release-macos-x86_64 | 0.1.1 | 56.00 | OK | |||
r-release-windows-x86_64 | 0.1.1 | 9.00 | 88.00 | 97.00 | OK | |
r-oldrel-macos-arm64 | 0.1.1 | 38.00 | OK | |||
r-oldrel-macos-x86_64 | 0.1.1 | 63.00 | OK | |||
r-oldrel-windows-x86_64 | 0.1.1 | 9.00 | 96.00 | 105.00 | OK |
Version: 0.1.1
Check: examples
Result: NOTE
Examples with CPU (user + system) or elapsed time > 5s
user system elapsed
Plot.box 5.053 0.016 5.998
Flavor: r-devel-linux-x86_64-debian-clang
These binaries (installable software) and packages are in development.
They may not be fully stable and should be used with caution. We make no claims about them.