Last updated on 2025-07-02 01:51:45 CEST.
Flavor | Version | Tinstall | Tcheck | Ttotal | Status | Flags |
---|---|---|---|---|---|---|
r-devel-linux-x86_64-debian-clang | 2.1 | 10.84 | 221.66 | 232.50 | NOTE | |
r-devel-linux-x86_64-debian-gcc | 2.1 | 7.81 | 167.23 | 175.04 | NOTE | |
r-devel-linux-x86_64-fedora-clang | 2.1 | 336.39 | OK | |||
r-devel-linux-x86_64-fedora-gcc | 2.1 | 343.95 | OK | |||
r-devel-windows-x86_64 | 2.1 | 14.00 | 233.00 | 247.00 | OK | |
r-patched-linux-x86_64 | OK | |||||
r-release-linux-x86_64 | 2.1 | 10.67 | 214.10 | 224.77 | OK | |
r-release-macos-arm64 | 2.1 | 87.00 | OK | |||
r-release-macos-x86_64 | 2.1 | 162.00 | OK | |||
r-release-windows-x86_64 | 2.1 | 13.00 | 231.00 | 244.00 | OK | |
r-oldrel-macos-arm64 | 2.1 | 92.00 | OK | |||
r-oldrel-macos-x86_64 | 2.1 | 152.00 | OK | |||
r-oldrel-windows-x86_64 | 2.1 | 17.00 | 284.00 | 301.00 | OK |
Version: 2.1
Check: CRAN incoming feasibility
Result: NOTE
Maintainer: ‘Robin Ristl <robin.ristl@meduniwien.ac.at>’
Package CITATION file contains call(s) to old-style personList() or
as.personList(). Please use c() on person objects instead.
Package CITATION file contains call(s) to old-style citEntry(). Please
use bibentry() instead.
Flavors: r-devel-linux-x86_64-debian-clang, r-devel-linux-x86_64-debian-gcc
These binaries (installable software) and packages are in development.
They may not be fully stable and should be used with caution. We make no claims about them.