Last updated on 2025-11-24 13:50:05 CET.
| Flavor | Version | Tinstall | Tcheck | Ttotal | Status | Flags |
|---|---|---|---|---|---|---|
| r-devel-linux-x86_64-debian-clang | 1.1.0 | 8.22 | 70.51 | 78.73 | NOTE | |
| r-devel-linux-x86_64-debian-gcc | 1.1.0 | 5.60 | 50.69 | 56.29 | NOTE | |
| r-devel-linux-x86_64-fedora-clang | 1.1.0 | 18.00 | 103.73 | 121.73 | OK | |
| r-devel-linux-x86_64-fedora-gcc | 1.1.0 | 19.00 | 96.68 | 115.68 | OK | |
| r-devel-windows-x86_64 | 1.1.0 | 11.00 | 77.00 | 88.00 | OK | |
| r-patched-linux-x86_64 | 1.1.0 | 7.71 | 66.58 | 74.29 | OK | |
| r-release-linux-x86_64 | 1.1.0 | 7.91 | 65.94 | 73.85 | OK | |
| r-release-macos-arm64 | 1.1.0 | OK | ||||
| r-release-macos-x86_64 | 1.1.0 | 7.00 | 58.00 | 65.00 | OK | |
| r-release-windows-x86_64 | 1.1.0 | 9.00 | 88.00 | 97.00 | OK | |
| r-oldrel-macos-arm64 | 1.1.0 | OK | ||||
| r-oldrel-macos-x86_64 | 1.1.0 | 5.00 | 45.00 | 50.00 | OK | |
| r-oldrel-windows-x86_64 | 1.1.0 | 13.00 | 97.00 | 110.00 | OK |
Version: 1.1.0
Check: CRAN incoming feasibility
Result: NOTE
Maintainer: ‘Huan Cheng <hcheng1118@hotmail.com>’
The Description field contains
Cheng and He (2021) <arXiv:2110.03833>. The references for sample size
Please refer to arXiv e-prints via their arXiv DOI <doi:10.48550/arXiv.YYMM.NNNNN>.
Flavors: r-devel-linux-x86_64-debian-clang, r-devel-linux-x86_64-debian-gcc
These binaries (installable software) and packages are in development.
They may not be fully stable and should be used with caution. We make no claims about them.