Last updated on 2025-10-03 01:49:53 CEST.
Flavor | Version | Tinstall | Tcheck | Ttotal | Status | Flags |
---|---|---|---|---|---|---|
r-devel-linux-x86_64-debian-clang | 0.2.0 | 2.57 | 52.70 | 55.27 | NOTE | |
r-devel-linux-x86_64-debian-gcc | 0.2.0 | 2.08 | 40.06 | 42.14 | NOTE | |
r-devel-linux-x86_64-fedora-clang | 0.2.0 | 82.34 | OK | |||
r-devel-linux-x86_64-fedora-gcc | 0.2.0 | 93.08 | OK | |||
r-devel-windows-x86_64 | 0.2.0 | 5.00 | 112.00 | 117.00 | OK | |
r-patched-linux-x86_64 | 0.2.0 | 3.18 | 48.76 | 51.94 | OK | |
r-release-linux-x86_64 | 0.2.0 | 2.81 | 48.50 | 51.31 | OK | |
r-release-macos-arm64 | 0.2.0 | 89.00 | OK | |||
r-release-macos-x86_64 | 0.2.0 | 129.00 | OK | |||
r-release-windows-x86_64 | 0.2.0 | 5.00 | 115.00 | 120.00 | OK | |
r-oldrel-macos-arm64 | 0.2.0 | 93.00 | OK | |||
r-oldrel-macos-x86_64 | 0.2.0 | 148.00 | OK | |||
r-oldrel-windows-x86_64 | 0.2.0 | 7.00 | 126.00 | 133.00 | OK |
Version: 0.2.0
Check: CRAN incoming feasibility
Result: NOTE
Maintainer: ‘Frank Farach <frank.farach@gmail.com>’
Package CITATION file contains call(s) to old-style citEntry(). Please
use bibentry() instead.
Flavors: r-devel-linux-x86_64-debian-clang, r-devel-linux-x86_64-debian-gcc
These binaries (installable software) and packages are in development.
They may not be fully stable and should be used with caution. We make no claims about them.