Last updated on 2025-05-08 04:52:12 CEST.
Flavor | Version | Tinstall | Tcheck | Ttotal | Status | Flags |
---|---|---|---|---|---|---|
r-devel-linux-x86_64-debian-clang | 4.7 | 2.80 | 23.62 | 26.42 | NOTE | |
r-devel-linux-x86_64-debian-gcc | 4.7 | 1.84 | 19.00 | 20.84 | NOTE | |
r-devel-linux-x86_64-fedora-clang | 4.7 | 41.59 | OK | |||
r-devel-linux-x86_64-fedora-gcc | 4.7 | 39.51 | OK | |||
r-devel-windows-x86_64 | 4.7 | 3.00 | 41.00 | 44.00 | OK | |
r-patched-linux-x86_64 | 4.7 | 2.63 | 22.70 | 25.33 | OK | |
r-release-linux-x86_64 | 4.7 | 2.47 | 22.68 | 25.15 | OK | |
r-release-macos-arm64 | 4.7 | 19.00 | OK | |||
r-release-macos-x86_64 | 4.7 | 33.00 | OK | |||
r-release-windows-x86_64 | 4.7 | 3.00 | 46.00 | 49.00 | OK | |
r-oldrel-macos-arm64 | 4.7 | 16.00 | OK | |||
r-oldrel-macos-x86_64 | 4.7 | 23.00 | OK | |||
r-oldrel-windows-x86_64 | 4.7 | 4.00 | 41.00 | 45.00 | OK |
Version: 4.7
Check: CRAN incoming feasibility
Result: NOTE
Maintainer: ‘Daniel E. Weeks <weeks@pitt.edu>’
No Authors@R field in DESCRIPTION.
Please add one, modifying
Authors@R: c(person(given = c("Robert", "V"),
family = "Baron",
role = "aut",
email = "rvb5@pitt.edu"),
person(given = "Nandita",
family = "Mukhopadhyay",
role = "aut"),
person(given = "Xinyu",
family = "Tang",
role = "aut"),
person(given = c("Daniel", "E."),
family = "Weeks",
role = c("aut", "cre"),
email = "weeks@pitt.edu"))
as necessary.
Flavors: r-devel-linux-x86_64-debian-clang, r-devel-linux-x86_64-debian-gcc
These binaries (installable software) and packages are in development.
They may not be fully stable and should be used with caution. We make no claims about them.