CRAN Package Check Results for Package npmlda

Last updated on 2025-11-11 15:50:41 CET.

Flavor Version Tinstall Tcheck Ttotal Status Flags
r-devel-linux-x86_64-debian-clang 1.0.0 1.85 22.15 24.00 NOTE
r-devel-linux-x86_64-debian-gcc 1.0.0 1.42 18.44 19.86 NOTE
r-devel-linux-x86_64-fedora-clang 1.0.0 35.01 OK
r-devel-linux-x86_64-fedora-gcc 1.0.0 33.30 OK
r-devel-windows-x86_64 1.0.0 3.00 46.00 49.00 OK
r-patched-linux-x86_64 1.0.0 1.99 20.64 22.63 OK
r-release-linux-x86_64 1.0.0 1.75 20.71 22.46 OK
r-release-macos-arm64 1.0.0 1.00 18.00 19.00 OK
r-release-macos-x86_64 1.0.0 2.00 27.00 29.00 OK
r-release-windows-x86_64 1.0.0 3.00 46.00 49.00 OK
r-oldrel-macos-arm64 1.0.0 1.00 14.00 15.00 OK
r-oldrel-macos-x86_64 1.0.0 2.00 20.00 22.00 OK
r-oldrel-windows-x86_64 1.0.0 3.00 47.00 50.00 OK

Check Details

Version: 1.0.0
Check: CRAN incoming feasibility
Result: NOTE Maintainer: ‘Xin Tian <tianxtt@gmail.com>’ No Authors@R field in DESCRIPTION. Please add one, modifying Authors@R: c(person(given = "Xin", family = "Tian", role = c("aut", "cre"), email = "tianxtt@gmail.com"), person(given = "Colin", family = "Wu", role = "aut")) as necessary. Flavors: r-devel-linux-x86_64-debian-clang, r-devel-linux-x86_64-debian-gcc

These binaries (installable software) and packages are in development.
They may not be fully stable and should be used with caution. We make no claims about them.