Last updated on 2025-05-01 14:49:16 CEST.
Flavor | Version | Tinstall | Tcheck | Ttotal | Status | Flags |
---|---|---|---|---|---|---|
r-devel-linux-x86_64-debian-clang | 0.46-5 | 4.17 | 46.06 | 50.23 | NOTE | |
r-devel-linux-x86_64-debian-gcc | 0.46-5 | 2.96 | 34.54 | 37.50 | NOTE | |
r-devel-linux-x86_64-fedora-clang | 0.46-5 | 81.30 | OK | |||
r-devel-linux-x86_64-fedora-gcc | 0.46-5 | 93.59 | OK | |||
r-devel-windows-x86_64 | 0.46-5 | 5.00 | 79.00 | 84.00 | OK | |
r-patched-linux-x86_64 | 0.46-5 | 4.66 | 44.19 | 48.85 | OK | |
r-release-linux-x86_64 | OK | |||||
r-release-macos-arm64 | 0.46-5 | 34.00 | OK | |||
r-release-macos-x86_64 | 0.46-5 | 64.00 | OK | |||
r-release-windows-x86_64 | 0.46-5 | 5.00 | 85.00 | 90.00 | OK | |
r-oldrel-macos-arm64 | 0.46-5 | 37.00 | OK | |||
r-oldrel-macos-x86_64 | 0.46-5 | 81.00 | OK | |||
r-oldrel-windows-x86_64 | 0.46-5 | 5.00 | 84.00 | 89.00 | OK |
Version: 0.46-5
Check: CRAN incoming feasibility
Result: NOTE
Maintainer: ‘Jochen Einbeck <jochen.einbeck@durham.ac.uk>’
No Authors@R field in DESCRIPTION.
Please add one, modifying
Authors@R: c(person(given = "Jochen",
family = "Einbeck",
role = c("aut", "cre"),
email = "jochen.einbeck@durham.ac.uk"),
person(given = "Ross",
family = "Darnell",
role = "aut"),
person(given = "John",
family = "Hinde",
role = "aut"))
as necessary.
Flavors: r-devel-linux-x86_64-debian-clang, r-devel-linux-x86_64-debian-gcc
These binaries (installable software) and packages are in development.
They may not be fully stable and should be used with caution. We make no claims about them.