Last updated on 2025-02-16 08:50:55 CET.
Flavor | Version | Tinstall | Tcheck | Ttotal | Status | Flags |
---|---|---|---|---|---|---|
r-devel-linux-x86_64-debian-clang | 1.2-0 | 1.66 | 16.13 | 17.79 | NOTE | |
r-devel-linux-x86_64-debian-gcc | 1.2-0 | 1.41 | 12.95 | 14.36 | NOTE | |
r-devel-linux-x86_64-fedora-clang | 1.2-0 | 28.97 | NOTE | |||
r-devel-linux-x86_64-fedora-gcc | 1.2-0 | 26.74 | NOTE | |||
r-devel-macos-arm64 | 1.2-0 | 15.00 | NOTE | |||
r-devel-macos-x86_64 | 1.2-0 | 24.00 | NOTE | |||
r-devel-windows-x86_64 | 1.2-0 | 3.00 | 36.00 | 39.00 | NOTE | |
r-patched-linux-x86_64 | 1.2-0 | 1.46 | 15.12 | 16.58 | NOTE | |
r-release-linux-x86_64 | 1.2-0 | 1.38 | 15.28 | 16.66 | NOTE | |
r-release-macos-arm64 | 1.2-0 | 14.00 | NOTE | |||
r-release-macos-x86_64 | 1.2-0 | 19.00 | NOTE | |||
r-release-windows-x86_64 | 1.2-0 | 2.00 | 34.00 | 36.00 | NOTE | |
r-oldrel-macos-arm64 | 1.2-0 | 15.00 | NOTE | |||
r-oldrel-macos-x86_64 | 1.2-0 | 18.00 | NOTE | |||
r-oldrel-windows-x86_64 | 1.2-0 | 3.00 | 33.00 | 36.00 | NOTE |
Version: 1.2-0
Check: Rd files
Result: NOTE
checkRd: (-1) nppbib.Rd:28: Escaped LaTeX specials: \#
Flavors: r-devel-linux-x86_64-debian-clang, r-devel-linux-x86_64-debian-gcc, r-devel-linux-x86_64-fedora-clang, r-devel-linux-x86_64-fedora-gcc, r-devel-macos-arm64, r-devel-macos-x86_64, r-devel-windows-x86_64, r-patched-linux-x86_64, r-release-linux-x86_64, r-release-macos-arm64, r-release-macos-x86_64, r-release-windows-x86_64, r-oldrel-macos-arm64, r-oldrel-macos-x86_64, r-oldrel-windows-x86_64
These binaries (installable software) and packages are in development.
They may not be fully stable and should be used with caution. We make no claims about them.