Last updated on 2025-05-01 14:49:16 CEST.
Flavor | Version | Tinstall | Tcheck | Ttotal | Status | Flags |
---|---|---|---|---|---|---|
r-devel-linux-x86_64-debian-clang | 2.1.5 | 8.16 | 96.86 | 105.02 | OK | |
r-devel-linux-x86_64-debian-gcc | 2.1.5 | 6.07 | 72.93 | 79.00 | OK | |
r-devel-linux-x86_64-fedora-clang | 2.1.5 | 177.01 | OK | |||
r-devel-linux-x86_64-fedora-gcc | 2.1.5 | 190.33 | OK | |||
r-devel-windows-x86_64 | 2.1.5 | 8.00 | 127.00 | 135.00 | OK | |
r-patched-linux-x86_64 | 2.1.5 | 6.53 | 92.99 | 99.52 | OK | |
r-release-linux-x86_64 | OK | |||||
r-release-macos-arm64 | 2.1.5 | 55.00 | OK | |||
r-release-macos-x86_64 | 2.1.5 | 112.00 | OK | |||
r-release-windows-x86_64 | 2.1.5 | 8.00 | 134.00 | 142.00 | OK | |
r-oldrel-macos-arm64 | 2.1.5 | 54.00 | NOTE | |||
r-oldrel-macos-x86_64 | 2.1.5 | 82.00 | NOTE | |||
r-oldrel-windows-x86_64 | 2.1.5 | 10.00 | 145.00 | 155.00 | NOTE |
Version: 2.1.5
Check: LazyData
Result: NOTE
'LazyData' is specified without a 'data' directory
Flavors: r-oldrel-macos-arm64, r-oldrel-macos-x86_64, r-oldrel-windows-x86_64
These binaries (installable software) and packages are in development.
They may not be fully stable and should be used with caution. We make no claims about them.