CRAN Package Check Results for Package npsf

Last updated on 2025-10-03 13:49:42 CEST.

Flavor Version Tinstall Tcheck Ttotal Status Flags
r-devel-linux-x86_64-debian-clang 0.8.0 23.24 73.23 96.47 NOTE
r-devel-linux-x86_64-debian-gcc 0.8.0 14.68 49.66 64.34 NOTE
r-devel-linux-x86_64-fedora-clang 0.8.0 155.95 OK
r-devel-linux-x86_64-fedora-gcc 0.8.0 146.14 OK
r-devel-windows-x86_64 0.8.0 26.00 108.00 134.00 OK
r-patched-linux-x86_64 0.8.0 24.01 69.20 93.21 OK
r-release-linux-x86_64 0.8.0 21.59 70.51 92.10 OK
r-release-macos-arm64 0.8.0 40.00 OK
r-release-macos-x86_64 0.8.0 81.00 OK
r-release-windows-x86_64 0.8.0 26.00 104.00 130.00 OK
r-oldrel-macos-arm64 0.8.0 38.00 NOTE
r-oldrel-macos-x86_64 0.8.0 57.00 NOTE
r-oldrel-windows-x86_64 0.8.0 34.00 122.00 156.00 OK

Check Details

Version: 0.8.0
Check: CRAN incoming feasibility
Result: NOTE Maintainer: ‘Oleg Badunenko <oleg.badunenko@brunel.ac.uk>’ No Authors@R field in DESCRIPTION. Please add one, modifying Authors@R: c(person(given = "Oleg", family = "Badunenko", role = c("aut", "cre"), email = "oleg.badunenko@brunel.ac.uk"), person(given = "Pavlo", family = "Mozharovskyi", role = "aut"), person(given = "Yaryna", family = "Kolomiytseva", role = "aut")) as necessary. Flavors: r-devel-linux-x86_64-debian-clang, r-devel-linux-x86_64-debian-gcc

Version: 0.8.0
Check: package dependencies
Result: NOTE Package suggested but not available for checking: ‘Rmpi’ Flavors: r-oldrel-macos-arm64, r-oldrel-macos-x86_64

These binaries (installable software) and packages are in development.
They may not be fully stable and should be used with caution. We make no claims about them.