CRAN Package Check Results for Package npsm

Last updated on 2025-02-16 08:50:55 CET.

Flavor Version Tinstall Tcheck Ttotal Status Flags
r-devel-linux-x86_64-debian-clang 2.0.0 4.34 38.24 42.58 NOTE
r-devel-linux-x86_64-debian-gcc 2.0.0 2.79 28.18 30.97 NOTE
r-devel-linux-x86_64-fedora-clang 2.0.0 71.58 OK
r-devel-linux-x86_64-fedora-gcc 2.0.0 64.27 OK
r-devel-macos-arm64 2.0.0 23.00 OK
r-devel-macos-x86_64 2.0.0 45.00 OK
r-devel-windows-x86_64 2.0.0 5.00 74.00 79.00 NOTE
r-patched-linux-x86_64 2.0.0 6.89 35.74 42.63 OK
r-release-linux-x86_64 2.0.0 3.85 35.78 39.63 OK
r-release-macos-arm64 2.0.0 30.00 OK
r-release-macos-x86_64 2.0.0 34.00 OK
r-release-windows-x86_64 2.0.0 6.00 74.00 80.00 OK
r-oldrel-macos-arm64 2.0.0 36.00 OK
r-oldrel-macos-x86_64 2.0.0 69.00 OK
r-oldrel-windows-x86_64 2.0.0 7.00 83.00 90.00 OK

Check Details

Version: 2.0.0
Check: Rd cross-references
Result: NOTE Found the following Rd file(s) with Rd \link{} targets missing package anchors: aligned.test.Rd: rfit knn_cv.Rd: knn Please provide package anchors for all Rd \link{} targets not in the package itself and the base packages. Flavors: r-devel-linux-x86_64-debian-clang, r-devel-linux-x86_64-debian-gcc, r-devel-windows-x86_64

These binaries (installable software) and packages are in development.
They may not be fully stable and should be used with caution. We make no claims about them.