CRAN Package Check Results for Package npsm

Last updated on 2025-07-26 01:50:58 CEST.

Flavor Version Tinstall Tcheck Ttotal Status Flags
r-devel-linux-x86_64-debian-clang 2.0.1 3.74 40.04 43.78 OK
r-devel-linux-x86_64-debian-gcc 2.0.1 3.03 30.32 33.35 OK
r-devel-linux-x86_64-fedora-clang 2.0.1 70.77 OK
r-devel-linux-x86_64-fedora-gcc 2.0.1 63.40 OK
r-devel-windows-x86_64 2.0.1 7.00 77.00 84.00 OK
r-patched-linux-x86_64 2.0.0 4.85 37.49 42.34 NOTE
r-release-linux-x86_64 2.0.0 4.12 37.12 41.24 NOTE
r-release-macos-arm64 2.0.0 25.00 OK
r-release-macos-x86_64 2.0.1 42.00 OK
r-release-windows-x86_64 2.0.1 7.00 76.00 83.00 OK
r-oldrel-macos-arm64 2.0.0 30.00 OK
r-oldrel-macos-x86_64 2.0.1 54.00 OK
r-oldrel-windows-x86_64 2.0.1 7.00 79.00 86.00 OK

Check Details

Version: 2.0.0
Check: Rd cross-references
Result: NOTE Found the following Rd file(s) with Rd \link{} targets missing package anchors: aligned.test.Rd: rfit knn_cv.Rd: knn Please provide package anchors for all Rd \link{} targets not in the package itself and the base packages. Flavors: r-patched-linux-x86_64, r-release-linux-x86_64

These binaries (installable software) and packages are in development.
They may not be fully stable and should be used with caution. We make no claims about them.