Last updated on 2024-07-27 15:50:27 CEST.
Flavor | Version | Tinstall | Tcheck | Ttotal | Status | Flags |
---|---|---|---|---|---|---|
r-devel-linux-x86_64-debian-clang | 0.7-13 | 22.68 | 107.09 | 129.77 | OK | |
r-devel-linux-x86_64-debian-gcc | 0.7-13 | OK | ||||
r-devel-linux-x86_64-fedora-clang | 0.7-13 | 163.19 | NOTE | |||
r-devel-linux-x86_64-fedora-gcc | 0.7-13 | 309.42 | OK | |||
r-devel-windows-x86_64 | 0.7-13 | 21.00 | 109.00 | 130.00 | OK | |
r-patched-linux-x86_64 | 0.7-13 | OK | ||||
r-release-linux-x86_64 | 0.7-13 | 16.76 | 102.26 | 119.02 | OK | |
r-release-macos-arm64 | 0.7-13 | 93.00 | OK | |||
r-release-macos-x86_64 | 0.7-13 | 141.00 | OK | |||
r-release-windows-x86_64 | 0.7-13 | 21.00 | 106.00 | 127.00 | OK | |
r-oldrel-macos-arm64 | 0.7-13 | 102.00 | OK | |||
r-oldrel-macos-x86_64 | 0.7-13 | 231.00 | OK | |||
r-oldrel-windows-x86_64 | 0.7-13 | 27.00 | 119.00 | 146.00 | OK |
Version: 0.7-13
Check: installed package size
Result: NOTE
installed size is 5.1Mb
sub-directories of 1Mb or more:
doc 1.2Mb
libs 3.2Mb
Flavor: r-devel-linux-x86_64-fedora-clang
These binaries (installable software) and packages are in development.
They may not be fully stable and should be used with caution. We make no claims about them.