Last updated on 2025-07-27 03:50:13 CEST.
Flavor | Version | Tinstall | Tcheck | Ttotal | Status | Flags |
---|---|---|---|---|---|---|
r-devel-linux-x86_64-debian-clang | 0.5-0 | 4.45 | 50.07 | 54.52 | NOTE | |
r-devel-linux-x86_64-debian-gcc | 0.5-0 | 2.87 | 34.33 | 37.20 | NOTE | |
r-devel-linux-x86_64-fedora-clang | 0.5-0 | 81.21 | OK | |||
r-devel-linux-x86_64-fedora-gcc | 0.5-0 | 78.65 | OK | |||
r-devel-windows-x86_64 | 0.5-0 | 4.00 | 66.00 | 70.00 | OK | |
r-patched-linux-x86_64 | 0.5-0 | 4.02 | 46.19 | 50.21 | OK | |
r-release-linux-x86_64 | 0.5-0 | 3.74 | 45.29 | 49.03 | OK | |
r-release-macos-arm64 | 0.5-0 | 23.00 | OK | |||
r-release-macos-x86_64 | 0.5-0 | 48.00 | OK | |||
r-release-windows-x86_64 | 0.5-0 | 5.00 | 69.00 | 74.00 | OK | |
r-oldrel-macos-arm64 | 0.5-0 | 24.00 | OK | |||
r-oldrel-macos-x86_64 | 0.5-0 | 37.00 | OK | |||
r-oldrel-windows-x86_64 | 0.5-0 | 5.00 | 64.00 | 69.00 | OK |
Version: 0.5-0
Check: CRAN incoming feasibility
Result: NOTE
Maintainer: ‘Yong Wang <yongwang@auckland.ac.nz>’
No Authors@R field in DESCRIPTION.
Please add one, modifying
Authors@R: person(given = "Yong",
family = "Wang",
role = c("aut", "cre"),
email = "yongwang@auckland.ac.nz")
as necessary.
Flavors: r-devel-linux-x86_64-debian-clang, r-devel-linux-x86_64-debian-gcc
These binaries (installable software) and packages are in development.
They may not be fully stable and should be used with caution. We make no claims about them.