CRAN Package Check Results for Package nricens

Last updated on 2025-07-26 07:50:28 CEST.

Flavor Version Tinstall Tcheck Ttotal Status Flags
r-devel-linux-x86_64-debian-clang 1.6 5.97 55.22 61.19 NOTE
r-devel-linux-x86_64-debian-gcc 1.6 4.75 42.19 46.94 NOTE
r-devel-linux-x86_64-fedora-clang 1.6 92.32 OK
r-devel-linux-x86_64-fedora-gcc 1.6 90.58 OK
r-devel-windows-x86_64 1.6 7.00 74.00 81.00 OK
r-patched-linux-x86_64 1.6 7.10 52.16 59.26 OK
r-release-linux-x86_64 1.6 6.54 52.07 58.61 OK
r-release-macos-arm64 1.6 33.00 OK
r-release-macos-x86_64 1.6 51.00 OK
r-release-windows-x86_64 1.6 8.00 85.00 93.00 OK
r-oldrel-macos-arm64 1.6 29.00 OK
r-oldrel-macos-x86_64 1.6 42.00 OK
r-oldrel-windows-x86_64 1.6 9.00 80.00 89.00 OK

Check Details

Version: 1.6
Check: CRAN incoming feasibility
Result: NOTE Maintainer: ‘Eisuke Inoue <eisuke.inoue@marianna-u.ac.jp>’ No Authors@R field in DESCRIPTION. Please add one, modifying Authors@R: person(given = "Eisuke", family = "Inoue", role = c("aut", "cre"), email = "eisuke.inoue@marianna-u.ac.jp") as necessary. Flavors: r-devel-linux-x86_64-debian-clang, r-devel-linux-x86_64-debian-gcc

These binaries (installable software) and packages are in development.
They may not be fully stable and should be used with caution. We make no claims about them.