Last updated on 2024-07-27 15:50:27 CEST.
Flavor | Version | Tinstall | Tcheck | Ttotal | Status | Flags |
---|---|---|---|---|---|---|
r-devel-linux-x86_64-debian-clang | 0.0.3 | 12.63 | 102.39 | 115.02 | OK | |
r-devel-linux-x86_64-debian-gcc | 0.0.3 | OK | ||||
r-devel-linux-x86_64-fedora-clang | 0.0.3 | 147.96 | NOTE | |||
r-devel-linux-x86_64-fedora-gcc | 0.0.3 | 139.22 | NOTE | |||
r-devel-windows-x86_64 | 0.0.3 | 14.00 | 90.00 | 104.00 | OK | |
r-patched-linux-x86_64 | 0.0.3 | OK | ||||
r-release-linux-x86_64 | 0.0.3 | 7.49 | 100.18 | 107.67 | OK | |
r-release-macos-arm64 | 0.0.3 | 39.00 | OK | |||
r-release-macos-x86_64 | 0.0.3 | 113.00 | OK | |||
r-release-windows-x86_64 | 0.0.3 | 12.00 | 90.00 | 102.00 | OK | |
r-oldrel-macos-arm64 | 0.0.3 | 70.00 | OK | |||
r-oldrel-macos-x86_64 | 0.0.3 | 82.00 | OK | |||
r-oldrel-windows-x86_64 | 0.0.3 | 15.00 | 125.00 | 140.00 | OK |
Version: 0.0.3
Check: dependencies in R code
Result: NOTE
Namespace in Imports field not imported from: ‘xgboost’
All declared Imports should be used.
Flavors: r-devel-linux-x86_64-fedora-clang, r-devel-linux-x86_64-fedora-gcc
These binaries (installable software) and packages are in development.
They may not be fully stable and should be used with caution. We make no claims about them.