Last updated on 2025-02-02 14:48:29 CET.
Flavor | Version | Tinstall | Tcheck | Ttotal | Status | Flags |
---|---|---|---|---|---|---|
r-devel-linux-x86_64-debian-clang | 1.5-0 | 3.70 | 47.18 | 50.88 | NOTE | |
r-devel-linux-x86_64-debian-gcc | 1.5-0 | 2.82 | 32.12 | 34.94 | NOTE | |
r-devel-linux-x86_64-fedora-clang | 1.5-0 | 89.41 | OK | |||
r-devel-linux-x86_64-fedora-gcc | 1.5-0 | 78.46 | OK | |||
r-devel-windows-x86_64 | 1.5-0 | 6.00 | 69.00 | 75.00 | NOTE | |
r-patched-linux-x86_64 | 1.5-0 | 5.00 | 43.30 | 48.30 | OK | |
r-release-linux-x86_64 | 1.5-0 | 3.55 | 43.98 | 47.53 | OK | |
r-release-macos-arm64 | 1.5-0 | 26.00 | OK | |||
r-release-macos-x86_64 | 1.5-0 | 37.00 | OK | |||
r-release-windows-x86_64 | 1.5-0 | 5.00 | 64.00 | 69.00 | OK | |
r-oldrel-macos-arm64 | 1.5-0 | 24.00 | OK | |||
r-oldrel-macos-x86_64 | 1.5-0 | 44.00 | OK | |||
r-oldrel-windows-x86_64 | 1.5-0 | 5.00 | 74.00 | 79.00 | OK |
Version: 1.5-0
Check: Rd cross-references
Result: NOTE
Found the following Rd file(s) with Rd \link{} targets missing package
anchors:
cnm.Rd: nnls
cnmms.Rd: nnls
cvps.Rd: nnls
mlogit.Rd: nnls
npnorm.Rd: nnls
nppois.Rd: nnls
plot.nspmix.Rd: nnls
plotgrad.Rd: nnls
Please provide package anchors for all Rd \link{} targets not in the
package itself and the base packages.
Flavors: r-devel-linux-x86_64-debian-clang, r-devel-linux-x86_64-debian-gcc, r-devel-windows-x86_64
These binaries (installable software) and packages are in development.
They may not be fully stable and should be used with caution. We make no claims about them.