CRAN Package Check Results for Package numGen

Last updated on 2025-10-10 03:51:10 CEST.

Flavor Version Tinstall Tcheck Ttotal Status Flags
r-devel-linux-x86_64-debian-clang 0.1.1 2.56 23.26 25.82 OK
r-devel-linux-x86_64-debian-gcc 0.1.1 1.97 18.44 20.41 OK
r-devel-linux-x86_64-fedora-clang 0.1.1 38.32 OK
r-devel-linux-x86_64-fedora-gcc 0.1.1 37.53 OK
r-devel-windows-x86_64 0.1.1 4.00 41.00 45.00 OK
r-patched-linux-x86_64 0.1.1 2.79 21.82 24.61 OK
r-release-linux-x86_64 0.1.1 2.66 22.08 24.74 OK
r-release-macos-arm64 0.1.1 17.00 OK
r-release-macos-x86_64 0.1.1 39.00 OK
r-release-windows-x86_64 0.1.1 3.00 43.00 46.00 OK
r-oldrel-macos-arm64 0.1.1 16.00 NOTE
r-oldrel-macos-x86_64 0.1.1 32.00 NOTE
r-oldrel-windows-x86_64 0.1.1 3.00 39.00 42.00 NOTE

Check Details

Version: 0.1.1
Check: LazyData
Result: NOTE 'LazyData' is specified without a 'data' directory Flavors: r-oldrel-macos-arm64, r-oldrel-macos-x86_64, r-oldrel-windows-x86_64

These binaries (installable software) and packages are in development.
They may not be fully stable and should be used with caution. We make no claims about them.