Last updated on 2024-07-27 15:50:27 CEST.
Flavor | Version | Tinstall | Tcheck | Ttotal | Status | Flags |
---|---|---|---|---|---|---|
r-devel-linux-x86_64-debian-clang | 1.4.0 | 45.13 | 190.92 | 236.05 | NOTE | |
r-devel-linux-x86_64-debian-gcc | 1.4.0 | NOTE | ||||
r-devel-linux-x86_64-fedora-clang | 1.4.0 | 308.03 | NOTE | |||
r-devel-linux-x86_64-fedora-gcc | 1.4.0 | 302.89 | NOTE | |||
r-devel-windows-x86_64 | 1.4.0 | 44.00 | 181.00 | 225.00 | NOTE | |
r-patched-linux-x86_64 | 1.4.0 | NOTE | ||||
r-release-linux-x86_64 | 1.4.0 | 30.19 | 175.96 | 206.15 | NOTE | |
r-release-macos-arm64 | 1.4.0 | 78.00 | NOTE | |||
r-release-macos-x86_64 | 1.4.0 | 114.00 | NOTE | |||
r-release-windows-x86_64 | 1.4.0 | 49.00 | 172.00 | 221.00 | NOTE | |
r-oldrel-macos-arm64 | 1.4.0 | 80.00 | NOTE | |||
r-oldrel-macos-x86_64 | 1.4.0 | 217.00 | NOTE | |||
r-oldrel-windows-x86_64 | 1.4.0 | 59.00 | 213.00 | 272.00 | NOTE |
Version: 1.4.0
Check: for GNU extensions in Makefiles
Result: NOTE
GNU make is a SystemRequirements.
Flavors: r-devel-linux-x86_64-debian-clang, r-devel-linux-x86_64-debian-gcc, r-devel-linux-x86_64-fedora-clang, r-devel-linux-x86_64-fedora-gcc, r-devel-windows-x86_64, r-patched-linux-x86_64, r-release-linux-x86_64, r-release-macos-arm64, r-release-macos-x86_64, r-release-windows-x86_64, r-oldrel-macos-arm64, r-oldrel-macos-x86_64, r-oldrel-windows-x86_64
Version: 1.4.0
Check: package dependencies
Result: NOTE
Imports includes 31 non-default packages.
Importing from so many packages makes the package vulnerable to any of
them becoming unavailable. Move as many as possible to Suggests and
use conditionally.
Flavor: r-devel-linux-x86_64-fedora-clang
Version: 1.4.0
Check: dependencies in R code
Result: NOTE
Namespaces in Imports field not imported from:
‘R.utils’ ‘optparse’ ‘vcfR’
All declared Imports should be used.
Flavors: r-devel-linux-x86_64-fedora-clang, r-devel-linux-x86_64-fedora-gcc
Version: 1.4.0
Check: installed package size
Result: NOTE
installed size is 5.6Mb
sub-directories of 1Mb or more:
data 4.1Mb
Flavors: r-devel-windows-x86_64, r-release-macos-arm64, r-release-macos-x86_64, r-release-windows-x86_64, r-oldrel-macos-arm64, r-oldrel-macos-x86_64, r-oldrel-windows-x86_64
These binaries (installable software) and packages are in development.
They may not be fully stable and should be used with caution. We make no claims about them.