Last updated on 2025-11-13 15:51:18 CET.
| Flavor | Version | Tinstall | Tcheck | Ttotal | Status | Flags |
|---|---|---|---|---|---|---|
| r-devel-linux-x86_64-debian-clang | 1.0.1 | 22.21 | 40.20 | 62.41 | NOTE | |
| r-devel-linux-x86_64-debian-gcc | 1.0.1 | 16.02 | 32.47 | 48.49 | NOTE | |
| r-devel-linux-x86_64-fedora-clang | 1.0.1 | 151.00 | -32.96 | 118.04 | NOTE | |
| r-devel-linux-x86_64-fedora-gcc | 1.0.1 | 43.00 | 76.36 | 119.36 | NOTE | |
| r-devel-windows-x86_64 | 1.0.1 | 31.00 | 72.00 | 103.00 | OK | |
| r-patched-linux-x86_64 | 1.0.1 | 24.46 | 38.59 | 63.05 | OK | |
| r-release-linux-x86_64 | 1.0.1 | 23.62 | 39.21 | 62.83 | OK | |
| r-release-macos-arm64 | 1.0.1 | 9.00 | 27.00 | 36.00 | OK | |
| r-release-macos-x86_64 | 1.0.1 | 10.00 | 54.00 | 64.00 | OK | |
| r-release-windows-x86_64 | 1.0.1 | 31.00 | 73.00 | 104.00 | OK | |
| r-oldrel-macos-arm64 | 1.0.1 | 11.00 | 27.00 | 38.00 | OK | |
| r-oldrel-macos-x86_64 | 1.0.1 | 10.00 | 41.00 | 51.00 | OK | |
| r-oldrel-windows-x86_64 | 1.0.1 | 35.00 | 90.00 | 125.00 | OK |
Version: 1.0.1
Check: CRAN incoming feasibility
Result: NOTE
Maintainer: ‘Maarten Kruijver <maarten.kruijver@esr.cri.nz>’
Package CITATION file contains call(s) to old-style citEntry(). Please
use bibentry() instead.
Flavors: r-devel-linux-x86_64-debian-clang, r-devel-linux-x86_64-debian-gcc
Version: 1.0.1
Check: dependencies in R code
Result: NOTE
Namespace in Imports field not imported from: ‘pedtools’
All declared Imports should be used.
Flavors: r-devel-linux-x86_64-fedora-clang, r-devel-linux-x86_64-fedora-gcc
These binaries (installable software) and packages are in development.
They may not be fully stable and should be used with caution. We make no claims about them.