Last updated on 2025-05-21 21:49:25 CEST.
Flavor | Version | Tinstall | Tcheck | Ttotal | Status | Flags |
---|---|---|---|---|---|---|
r-devel-linux-x86_64-debian-clang | 1.0.1 | 23.44 | 38.49 | 61.93 | NOTE | |
r-devel-linux-x86_64-debian-gcc | 1.0.1 | 15.68 | 29.52 | 45.20 | NOTE | |
r-devel-linux-x86_64-fedora-clang | 1.0.1 | 109.62 | NOTE | |||
r-devel-linux-x86_64-fedora-gcc | 1.0.1 | 123.73 | NOTE | |||
r-devel-windows-x86_64 | 1.0.1 | 30.00 | 85.00 | 115.00 | OK | |
r-patched-linux-x86_64 | 1.0.1 | 23.47 | 37.17 | 60.64 | OK | |
r-release-linux-x86_64 | 1.0.1 | 24.22 | 36.90 | 61.12 | OK | |
r-release-macos-arm64 | 1.0.1 | 36.00 | OK | |||
r-release-macos-x86_64 | 1.0.1 | 64.00 | OK | |||
r-release-windows-x86_64 | 1.0.1 | 31.00 | 83.00 | 114.00 | OK | |
r-oldrel-macos-arm64 | 1.0.1 | 38.00 | OK | |||
r-oldrel-macos-x86_64 | 1.0.1 | 51.00 | OK | |||
r-oldrel-windows-x86_64 | 1.0.1 | 34.00 | 92.00 | 126.00 | OK |
Version: 1.0.1
Check: CRAN incoming feasibility
Result: NOTE
Maintainer: ‘Maarten Kruijver <maarten.kruijver@esr.cri.nz>’
Package CITATION file contains call(s) to old-style citEntry(). Please
use bibentry() instead.
Flavors: r-devel-linux-x86_64-debian-clang, r-devel-linux-x86_64-debian-gcc
Version: 1.0.1
Check: dependencies in R code
Result: NOTE
Namespace in Imports field not imported from: ‘pedtools’
All declared Imports should be used.
Flavors: r-devel-linux-x86_64-fedora-clang, r-devel-linux-x86_64-fedora-gcc
These binaries (installable software) and packages are in development.
They may not be fully stable and should be used with caution. We make no claims about them.