Last updated on 2025-05-01 12:49:35 CEST.
Flavor | Version | Tinstall | Tcheck | Ttotal | Status | Flags |
---|---|---|---|---|---|---|
r-devel-linux-x86_64-debian-clang | 0.8-5 | 3.44 | 34.35 | 37.79 | NOTE | |
r-devel-linux-x86_64-debian-gcc | 0.8-5 | 2.26 | 24.75 | 27.01 | NOTE | |
r-devel-linux-x86_64-fedora-clang | 0.8-5 | 60.08 | OK | |||
r-devel-linux-x86_64-fedora-gcc | 0.8-5 | 59.17 | OK | |||
r-devel-windows-x86_64 | 0.8-5 | 5.00 | 69.00 | 74.00 | OK | |
r-patched-linux-x86_64 | 0.8-5 | 4.96 | 32.39 | 37.35 | OK | |
r-release-linux-x86_64 | OK | |||||
r-release-macos-arm64 | 0.8-5 | 23.00 | OK | |||
r-release-macos-x86_64 | 0.8-5 | 38.00 | OK | |||
r-release-windows-x86_64 | 0.8-5 | 5.00 | 70.00 | 75.00 | OK | |
r-oldrel-macos-arm64 | 0.8-5 | 34.00 | OK | |||
r-oldrel-macos-x86_64 | 0.8-5 | 30.00 | OK | |||
r-oldrel-windows-x86_64 | 0.8-5 | 8.00 | 66.00 | 74.00 | OK |
Version: 0.8-5
Check: CRAN incoming feasibility
Result: NOTE
Maintainer: ‘Hans W. Borchers <hwborchers@googlemail.com>’
No Authors@R field in DESCRIPTION.
Please add one, modifying
Authors@R: c(person(given = c("Hans", "Werner"),
family = "Borchers",
role = "aut"),
person(given = c("Hans", "W."),
family = "Borchers",
role = "cre",
email = "hwborchers@googlemail.com"))
as necessary.
Flavors: r-devel-linux-x86_64-debian-clang, r-devel-linux-x86_64-debian-gcc
These binaries (installable software) and packages are in development.
They may not be fully stable and should be used with caution. We make no claims about them.