CRAN Package Check Results for Package numbersBR

Last updated on 2025-10-23 15:50:03 CEST.

Flavor Version Tinstall Tcheck Ttotal Status Flags
r-devel-linux-x86_64-debian-clang 0.0.2 2.68 27.84 30.52 NOTE
r-devel-linux-x86_64-debian-gcc 0.0.2 2.04 22.43 24.47 NOTE
r-devel-linux-x86_64-fedora-clang 0.0.2 46.05 NOTE
r-devel-linux-x86_64-fedora-gcc 0.0.2 44.12 NOTE
r-devel-windows-x86_64 0.0.2 4.00 45.00 49.00 NOTE
r-patched-linux-x86_64 0.0.2 2.67 26.56 29.23 NOTE
r-release-linux-x86_64 0.0.2 2.74 26.55 29.29 NOTE
r-release-macos-arm64 0.0.2 2.00 16.00 18.00 NOTE
r-release-macos-x86_64 0.0.2 3.00 30.00 33.00 NOTE
r-release-windows-x86_64 0.0.2 5.00 47.00 52.00 NOTE
r-oldrel-macos-arm64 0.0.2 1.00 19.00 20.00 NOTE
r-oldrel-macos-x86_64 0.0.2 2.00 25.00 27.00 NOTE
r-oldrel-windows-x86_64 0.0.2 6.00 53.00 59.00 NOTE

Check Details

Version: 0.0.2
Check: package subdirectories
Result: NOTE Problems with news in ‘NEWS.md’: No news entries found. Flavors: r-devel-linux-x86_64-debian-clang, r-devel-linux-x86_64-debian-gcc, r-devel-linux-x86_64-fedora-clang, r-devel-linux-x86_64-fedora-gcc, r-devel-windows-x86_64, r-patched-linux-x86_64, r-release-linux-x86_64, r-release-macos-arm64, r-release-macos-x86_64, r-release-windows-x86_64, r-oldrel-macos-arm64, r-oldrel-macos-x86_64, r-oldrel-windows-x86_64

Version: 0.0.2
Check: LazyData
Result: NOTE 'LazyData' is specified without a 'data' directory Flavors: r-oldrel-macos-arm64, r-oldrel-macos-x86_64, r-oldrel-windows-x86_64

These binaries (installable software) and packages are in development.
They may not be fully stable and should be used with caution. We make no claims about them.