Last updated on 2025-10-03 05:53:42 CEST.
Flavor | Version | Tinstall | Tcheck | Ttotal | Status | Flags |
---|---|---|---|---|---|---|
r-devel-linux-x86_64-debian-clang | 0.7.0 | 4.31 | 36.90 | 41.21 | NOTE | |
r-devel-linux-x86_64-debian-gcc | 0.7.0 | 3.03 | 28.28 | 31.31 | NOTE | |
r-devel-linux-x86_64-fedora-clang | 0.7.0 | 60.63 | OK | |||
r-devel-linux-x86_64-fedora-gcc | 0.7.0 | 57.48 | OK | |||
r-devel-windows-x86_64 | 0.7.0 | 7.00 | 61.00 | 68.00 | OK | |
r-patched-linux-x86_64 | 0.7.0 | 5.11 | 34.31 | 39.42 | OK | |
r-release-linux-x86_64 | 0.7.0 | 3.66 | 34.15 | 37.81 | OK | |
r-release-macos-arm64 | 0.7.0 | 22.00 | OK | |||
r-release-macos-x86_64 | 0.7.0 | 40.00 | OK | |||
r-release-windows-x86_64 | 0.7.0 | 5.00 | 61.00 | 66.00 | OK | |
r-oldrel-macos-arm64 | 0.7.0 | 26.00 | OK | |||
r-oldrel-macos-x86_64 | 0.7.0 | 31.00 | OK | |||
r-oldrel-windows-x86_64 | 0.7.0 | 8.00 | 69.00 | 77.00 | OK |
Version: 0.7.0
Check: CRAN incoming feasibility
Result: NOTE
Maintainer: ‘Tyler Rinker <tyler.rinker@gmail.com>’
Package CITATION file contains call(s) to old-style citEntry(). Please
use bibentry() instead.
Flavors: r-devel-linux-x86_64-debian-clang, r-devel-linux-x86_64-debian-gcc
These binaries (installable software) and packages are in development.
They may not be fully stable and should be used with caution. We make no claims about them.