CRAN Package Check Results for Package numform

Last updated on 2025-05-07 22:48:34 CEST.

Flavor Version Tinstall Tcheck Ttotal Status Flags
r-devel-linux-x86_64-debian-clang 0.7.0 4.76 34.31 39.07 NOTE
r-devel-linux-x86_64-debian-gcc 0.7.0 2.81 25.56 28.37 NOTE
r-devel-linux-x86_64-fedora-clang 0.7.0 59.75 OK
r-devel-linux-x86_64-fedora-gcc 0.7.0 59.20 OK
r-devel-windows-x86_64 0.7.0 6.00 61.00 67.00 OK
r-patched-linux-x86_64 0.7.0 5.70 32.17 37.87 OK
r-release-linux-x86_64 0.7.0 3.82 31.91 35.73 OK
r-release-macos-arm64 0.7.0 22.00 OK
r-release-macos-x86_64 0.7.0 40.00 OK
r-release-windows-x86_64 0.7.0 5.00 64.00 69.00 OK
r-oldrel-macos-arm64 0.7.0 26.00 OK
r-oldrel-macos-x86_64 0.7.0 31.00 OK
r-oldrel-windows-x86_64 0.7.0 6.00 67.00 73.00 OK

Check Details

Version: 0.7.0
Check: CRAN incoming feasibility
Result: NOTE Maintainer: ‘Tyler Rinker <tyler.rinker@gmail.com>’ Package CITATION file contains call(s) to old-style citEntry(). Please use bibentry() instead. Flavors: r-devel-linux-x86_64-debian-clang, r-devel-linux-x86_64-debian-gcc

These binaries (installable software) and packages are in development.
They may not be fully stable and should be used with caution. We make no claims about them.