Last updated on 2025-11-12 18:50:40 CET.
| Flavor | Version | Tinstall | Tcheck | Ttotal | Status | Flags |
|---|---|---|---|---|---|---|
| r-devel-linux-x86_64-debian-clang | 0.7.0 | 4.42 | 36.53 | 40.95 | NOTE | |
| r-devel-linux-x86_64-debian-gcc | 0.7.0 | 2.88 | 27.78 | 30.66 | NOTE | |
| r-devel-linux-x86_64-fedora-clang | 0.7.0 | 10.00 | 50.29 | 60.29 | OK | |
| r-devel-linux-x86_64-fedora-gcc | 0.7.0 | 57.67 | OK | |||
| r-devel-windows-x86_64 | 0.7.0 | 6.00 | 59.00 | 65.00 | OK | |
| r-patched-linux-x86_64 | 0.7.0 | 4.99 | 33.78 | 38.77 | OK | |
| r-release-linux-x86_64 | 0.7.0 | 4.04 | 34.37 | 38.41 | OK | |
| r-release-macos-arm64 | 0.7.0 | 2.00 | 20.00 | 22.00 | OK | |
| r-release-macos-x86_64 | 0.7.0 | 3.00 | 37.00 | 40.00 | OK | |
| r-release-windows-x86_64 | 0.7.0 | 5.00 | 59.00 | 64.00 | OK | |
| r-oldrel-macos-arm64 | 0.7.0 | 2.00 | 24.00 | 26.00 | OK | |
| r-oldrel-macos-x86_64 | 0.7.0 | 3.00 | 28.00 | 31.00 | OK | |
| r-oldrel-windows-x86_64 | 0.7.0 | 8.00 | 64.00 | 72.00 | OK |
Version: 0.7.0
Check: CRAN incoming feasibility
Result: NOTE
Maintainer: ‘Tyler Rinker <tyler.rinker@gmail.com>’
Package CITATION file contains call(s) to old-style citEntry(). Please
use bibentry() instead.
Flavors: r-devel-linux-x86_64-debian-clang, r-devel-linux-x86_64-debian-gcc
These binaries (installable software) and packages are in development.
They may not be fully stable and should be used with caution. We make no claims about them.