Last updated on 2025-07-26 07:50:28 CEST.
Flavor | Version | Tinstall | Tcheck | Ttotal | Status | Flags |
---|---|---|---|---|---|---|
r-devel-linux-x86_64-debian-clang | 1.1.0 | 5.69 | 251.95 | 257.64 | NOTE | |
r-devel-linux-x86_64-debian-gcc | 1.1.0 | 3.93 | 166.86 | 170.79 | NOTE | |
r-devel-linux-x86_64-fedora-clang | 1.1.0 | 394.04 | OK | |||
r-devel-linux-x86_64-fedora-gcc | 1.1.0 | 383.90 | OK | |||
r-devel-windows-x86_64 | 1.1.0 | 8.00 | 223.00 | 231.00 | OK | |
r-patched-linux-x86_64 | 1.1.0 | 5.26 | 236.21 | 241.47 | OK | |
r-release-linux-x86_64 | 1.1.0 | 6.11 | 234.59 | 240.70 | OK | |
r-release-macos-arm64 | 1.1.0 | 100.00 | OK | |||
r-release-macos-x86_64 | 1.1.0 | 202.00 | OK | |||
r-release-windows-x86_64 | 1.1.0 | 9.00 | 221.00 | 230.00 | OK | |
r-oldrel-macos-arm64 | 1.1.0 | 106.00 | OK | |||
r-oldrel-macos-x86_64 | 1.1.0 | 309.00 | OK | |||
r-oldrel-windows-x86_64 | 1.1.0 | 11.00 | 297.00 | 308.00 | OK |
Version: 1.1.0
Check: CRAN incoming feasibility
Result: NOTE
Maintainer: ‘Moritz Hennicke <AAoritz@posteo.de>’
The BugReports field in DESCRIPTION has
https://github.com/ropensci/nuts
which should likely be
https://github.com/ropensci/nuts/issues
instead.
Flavors: r-devel-linux-x86_64-debian-clang, r-devel-linux-x86_64-debian-gcc
These binaries (installable software) and packages are in development.
They may not be fully stable and should be used with caution. We make no claims about them.