Last updated on 2025-02-19 17:50:58 CET.
Flavor | Version | Tinstall | Tcheck | Ttotal | Status | Flags |
---|---|---|---|---|---|---|
r-devel-linux-x86_64-debian-clang | 1.0.2 | 17.49 | 45.77 | 63.26 | OK | |
r-devel-linux-x86_64-debian-gcc | 1.0.2 | 13.13 | 31.90 | 45.03 | OK | |
r-devel-linux-x86_64-fedora-clang | 1.0.2 | 94.11 | OK | |||
r-devel-linux-x86_64-fedora-gcc | 1.0.2 | 93.98 | OK | |||
r-devel-macos-arm64 | 1.0.2 | 38.00 | OK | |||
r-devel-macos-x86_64 | 1.0.2 | 76.00 | OK | |||
r-devel-windows-x86_64 | 1.0.2 | 18.00 | 59.00 | 77.00 | OK | |
r-patched-linux-x86_64 | 1.0.2 | 18.93 | 43.12 | 62.05 | OK | |
r-release-linux-x86_64 | 1.0.2 | 19.07 | 42.87 | 61.94 | OK | |
r-release-macos-arm64 | 1.0.2 | 40.00 | NOTE | |||
r-release-macos-x86_64 | 1.0.2 | 59.00 | NOTE | |||
r-release-windows-x86_64 | 1.0.2 | 17.00 | 58.00 | 75.00 | OK | |
r-oldrel-macos-arm64 | 1.0.2 | 46.00 | NOTE | |||
r-oldrel-macos-x86_64 | 1.0.2 | 68.00 | NOTE | |||
r-oldrel-windows-x86_64 | 1.0.2 | 25.00 | 66.00 | 91.00 | OK |
Version: 1.0.2
Check: installed package size
Result: NOTE
installed size is 5.2Mb
sub-directories of 1Mb or more:
data 5.1Mb
Flavors: r-release-macos-arm64, r-release-macos-x86_64, r-oldrel-macos-arm64, r-oldrel-macos-x86_64
These binaries (installable software) and packages are in development.
They may not be fully stable and should be used with caution. We make no claims about them.