CRAN Package Check Results for Package nycflights13

Last updated on 2025-04-16 00:49:46 CEST.

Flavor Version Tinstall Tcheck Ttotal Status Flags
r-devel-linux-x86_64-debian-clang 1.0.2 16.98 44.62 61.60 OK
r-devel-linux-x86_64-debian-gcc 1.0.2 12.85 33.98 46.83 OK
r-devel-linux-x86_64-fedora-clang 1.0.2 96.49 OK
r-devel-linux-x86_64-fedora-gcc 1.0.2 98.15 OK
r-devel-windows-x86_64 1.0.2 18.00 58.00 76.00 OK
r-patched-linux-x86_64 1.0.2 18.06 44.33 62.39 OK
r-release-linux-x86_64 1.0.2 17.70 44.72 62.42 OK
r-release-macos-arm64 1.0.2 46.00 OK
r-release-macos-x86_64 1.0.2 87.00 OK
r-release-windows-x86_64 1.0.2 16.00 60.00 76.00 OK
r-oldrel-macos-arm64 1.0.2 40.00 NOTE
r-oldrel-macos-x86_64 1.0.2 59.00 NOTE
r-oldrel-windows-x86_64 1.0.2 26.00 74.00 100.00 OK

Check Details

Version: 1.0.2
Check: installed package size
Result: NOTE installed size is 5.2Mb sub-directories of 1Mb or more: data 5.1Mb Flavors: r-oldrel-macos-arm64, r-oldrel-macos-x86_64

These binaries (installable software) and packages are in development.
They may not be fully stable and should be used with caution. We make no claims about them.