CRAN Package Check Results for Package nycflights23

Last updated on 2025-05-08 04:52:12 CEST.

Flavor Version Tinstall Tcheck Ttotal Status Flags
r-devel-linux-x86_64-debian-clang 0.2.0 17.07 27.96 45.03 OK
r-devel-linux-x86_64-debian-gcc 0.2.0 11.71 21.28 32.99 OK
r-devel-linux-x86_64-fedora-clang 0.2.0 68.94 OK
r-devel-linux-x86_64-fedora-gcc 0.2.0 75.12 OK
r-devel-windows-x86_64 0.2.0 15.00 46.00 61.00 OK
r-patched-linux-x86_64 0.2.0 16.38 26.29 42.67 OK
r-release-linux-x86_64 0.2.0 16.55 26.43 42.98 OK
r-release-macos-arm64 0.2.0 33.00 OK
r-release-macos-x86_64 0.2.0 61.00 OK
r-release-windows-x86_64 0.2.0 16.00 48.00 64.00 OK
r-oldrel-macos-arm64 0.2.0 40.00 NOTE
r-oldrel-macos-x86_64 0.2.0 62.00 NOTE
r-oldrel-windows-x86_64 0.2.0 16.00 53.00 69.00 NOTE

Check Details

Version: 0.2.0
Check: installed package size
Result: NOTE installed size is 6.5Mb sub-directories of 1Mb or more: data 6.4Mb Flavors: r-oldrel-macos-arm64, r-oldrel-macos-x86_64, r-oldrel-windows-x86_64

These binaries (installable software) and packages are in development.
They may not be fully stable and should be used with caution. We make no claims about them.