Last updated on 2025-10-23 17:50:55 CEST.
Flavor | Version | Tinstall | Tcheck | Ttotal | Status | Flags |
---|---|---|---|---|---|---|
r-devel-linux-x86_64-debian-clang | 0.2.0 | 16.94 | 29.96 | 46.90 | OK | |
r-devel-linux-x86_64-debian-gcc | 0.2.0 | 12.62 | 23.90 | 36.52 | OK | |
r-devel-linux-x86_64-fedora-clang | 0.2.0 | 36.00 | 33.58 | 69.58 | OK | |
r-devel-linux-x86_64-fedora-gcc | 0.2.0 | 37.00 | 31.89 | 68.89 | OK | |
r-devel-windows-x86_64 | 0.2.0 | 16.00 | 45.00 | 61.00 | OK | |
r-patched-linux-x86_64 | 0.2.0 | 16.39 | 28.29 | 44.68 | OK | |
r-release-linux-x86_64 | 0.2.0 | 16.74 | 28.40 | 45.14 | OK | |
r-release-macos-arm64 | 0.2.0 | 10.00 | 23.00 | 33.00 | OK | |
r-release-macos-x86_64 | 0.2.0 | 22.00 | 39.00 | 61.00 | OK | |
r-release-windows-x86_64 | 0.2.0 | 15.00 | 45.00 | 60.00 | OK | |
r-oldrel-macos-arm64 | 0.2.0 | 9.00 | 31.00 | 40.00 | NOTE | |
r-oldrel-macos-x86_64 | 0.2.0 | 17.00 | 45.00 | 62.00 | NOTE | |
r-oldrel-windows-x86_64 | 0.2.0 | 16.00 | 54.00 | 70.00 | NOTE |
Version: 0.2.0
Check: installed package size
Result: NOTE
installed size is 6.5Mb
sub-directories of 1Mb or more:
data 6.4Mb
Flavors: r-oldrel-macos-arm64, r-oldrel-macos-x86_64, r-oldrel-windows-x86_64
These binaries (installable software) and packages are in development.
They may not be fully stable and should be used with caution. We make no claims about them.