Last updated on 2025-02-19 17:50:58 CET.
Flavor | Version | Tinstall | Tcheck | Ttotal | Status | Flags |
---|---|---|---|---|---|---|
r-devel-linux-x86_64-debian-clang | 0.4.0 | 10.65 | 52.06 | 62.71 | OK | |
r-devel-linux-x86_64-debian-gcc | 0.4.0 | 6.93 | 37.93 | 44.86 | OK | |
r-devel-linux-x86_64-fedora-clang | 0.4.0 | 98.29 | OK | |||
r-devel-linux-x86_64-fedora-gcc | 0.4.0 | 110.13 | OK | |||
r-devel-macos-arm64 | 0.4.0 | 39.00 | OK | |||
r-devel-macos-x86_64 | 0.4.0 | 82.00 | OK | |||
r-devel-windows-x86_64 | 0.4.0 | 11.00 | 126.00 | 137.00 | OK | |
r-patched-linux-x86_64 | 0.4.0 | 9.73 | 50.85 | 60.58 | OK | |
r-release-linux-x86_64 | 0.4.0 | 10.34 | 50.83 | 61.17 | OK | |
r-release-macos-arm64 | 0.4.0 | 37.00 | OK | |||
r-release-macos-x86_64 | 0.4.0 | 58.00 | OK | |||
r-release-windows-x86_64 | 0.4.0 | 11.00 | 82.00 | 93.00 | OK | |
r-oldrel-macos-arm64 | 0.4.0 | 41.00 | NOTE | |||
r-oldrel-macos-x86_64 | 0.4.0 | 58.00 | OK | |||
r-oldrel-windows-x86_64 | 0.4.0 | 10.00 | 100.00 | 110.00 | OK |
Version: 0.4.0
Check: installed package size
Result: NOTE
installed size is 5.3Mb
sub-directories of 1Mb or more:
data 5.0Mb
Flavor: r-oldrel-macos-arm64
These binaries (installable software) and packages are in development.
They may not be fully stable and should be used with caution. We make no claims about them.