Last updated on 2025-07-02 03:50:47 CEST.
Flavor | Version | Tinstall | Tcheck | Ttotal | Status | Flags |
---|---|---|---|---|---|---|
r-devel-linux-x86_64-debian-clang | 0.4.1 | 18.92 | 219.32 | 238.24 | OK | |
r-devel-linux-x86_64-debian-gcc | 0.4.1 | 12.03 | 145.47 | 157.50 | OK | |
r-devel-linux-x86_64-fedora-clang | 0.4.1 | 395.91 | OK | |||
r-devel-linux-x86_64-fedora-gcc | 0.4.1 | 340.90 | OK | |||
r-devel-windows-x86_64 | 0.4.1 | 23.00 | 198.00 | 221.00 | OK | |
r-patched-linux-x86_64 | OK | |||||
r-release-linux-x86_64 | 0.4.1 | 19.21 | 201.31 | 220.52 | OK | |
r-release-macos-arm64 | 0.4.1 | 70.00 | OK | |||
r-release-macos-x86_64 | 0.4.1 | 132.00 | OK | |||
r-release-windows-x86_64 | 0.4.1 | 21.00 | 197.00 | 218.00 | OK | |
r-oldrel-macos-arm64 | 0.4.1 | 98.00 | NOTE | |||
r-oldrel-macos-x86_64 | 0.4.1 | 147.00 | OK | |||
r-oldrel-windows-x86_64 | 0.4.1 | 29.00 | 265.00 | 294.00 | OK |
Version: 0.4.1
Check: installed package size
Result: NOTE
installed size is 5.1Mb
sub-directories of 1Mb or more:
data 4.5Mb
Flavor: r-oldrel-macos-arm64
These binaries (installable software) and packages are in development.
They may not be fully stable and should be used with caution. We make no claims about them.