Last updated on 2025-10-23 11:50:21 CEST.
Flavor | Version | Tinstall | Tcheck | Ttotal | Status | Flags |
---|---|---|---|---|---|---|
r-devel-linux-x86_64-debian-clang | 0.4.1 | 20.17 | 228.41 | 248.58 | OK | |
r-devel-linux-x86_64-debian-gcc | 0.4.1 | 13.36 | 151.15 | 164.51 | OK | |
r-devel-linux-x86_64-fedora-clang | 0.4.1 | 81.00 | 318.61 | 399.61 | OK | |
r-devel-linux-x86_64-fedora-gcc | 0.4.1 | 42.00 | 321.23 | 363.23 | OK | |
r-devel-windows-x86_64 | 0.4.1 | 22.00 | 205.00 | 227.00 | OK | |
r-patched-linux-x86_64 | 0.4.1 | 19.76 | 214.91 | 234.67 | OK | |
r-release-linux-x86_64 | 0.4.1 | 18.48 | 214.84 | 233.32 | OK | |
r-release-macos-arm64 | 0.4.1 | 9.00 | 61.00 | 70.00 | OK | |
r-release-macos-x86_64 | 0.4.1 | 22.00 | 110.00 | 132.00 | OK | |
r-release-windows-x86_64 | 0.4.1 | 22.00 | 204.00 | 226.00 | OK | |
r-oldrel-macos-arm64 | 0.4.1 | 11.00 | 87.00 | 98.00 | NOTE | |
r-oldrel-macos-x86_64 | 0.4.1 | 19.00 | 128.00 | 147.00 | OK | |
r-oldrel-windows-x86_64 | 0.4.1 | 31.00 | 280.00 | 311.00 | OK |
Version: 0.4.1
Check: installed package size
Result: NOTE
installed size is 5.1Mb
sub-directories of 1Mb or more:
data 4.5Mb
Flavor: r-oldrel-macos-arm64
These binaries (installable software) and packages are in development.
They may not be fully stable and should be used with caution. We make no claims about them.