CRAN Package Check Results for Package oRaklE

Last updated on 2025-11-11 15:50:41 CET.

Flavor Version Tinstall Tcheck Ttotal Status Flags
r-devel-linux-x86_64-debian-clang 1.0.1 29.74 132.76 162.50 OK
r-devel-linux-x86_64-debian-gcc 1.0.1 20.05 96.23 116.28 OK
r-devel-linux-x86_64-fedora-clang 1.0.1 59.00 193.03 252.03 OK
r-devel-linux-x86_64-fedora-gcc 1.0.1 64.00 198.33 262.33 OK
r-devel-windows-x86_64 1.0.1 33.00 136.00 169.00 OK
r-patched-linux-x86_64 1.0.1 25.93 124.68 150.61 OK
r-release-linux-x86_64 1.0.1 27.83 124.41 152.24 OK
r-release-macos-arm64 1.0.1 15.00 56.00 71.00 OK
r-release-macos-x86_64 1.0.1 43.00 102.00 145.00 OK
r-release-windows-x86_64 1.0.1 32.00 137.00 169.00 OK
r-oldrel-macos-arm64 1.0.1 15.00 76.00 91.00 NOTE
r-oldrel-macos-x86_64 1.0.1 35.00 130.00 165.00 NOTE
r-oldrel-windows-x86_64 1.0.1 43.00 175.00 218.00 OK

Additional issues

donttest

Check Details

Version: 1.0.1
Check: installed package size
Result: NOTE installed size is 5.5Mb sub-directories of 1Mb or more: data 4.5Mb Flavors: r-oldrel-macos-arm64, r-oldrel-macos-x86_64

These binaries (installable software) and packages are in development.
They may not be fully stable and should be used with caution. We make no claims about them.