CRAN Package Check Results for Package oRaklE

Last updated on 2025-07-02 03:50:47 CEST.

Flavor Version Tinstall Tcheck Ttotal Status Flags
r-devel-linux-x86_64-debian-clang 1.0.1 29.35 124.89 154.24 OK
r-devel-linux-x86_64-debian-gcc 1.0.1 20.48 87.22 107.70 OK
r-devel-linux-x86_64-fedora-clang 1.0.1 239.11 OK
r-devel-linux-x86_64-fedora-gcc 1.0.1 236.09 OK
r-devel-windows-x86_64 1.0.1 31.00 134.00 165.00 OK
r-patched-linux-x86_64 OK
r-release-linux-x86_64 1.0.1 29.05 114.84 143.89 OK
r-release-macos-arm64 1.0.1 71.00 OK
r-release-macos-x86_64 1.0.1 145.00 OK
r-release-windows-x86_64 1.0.1 29.00 153.00 182.00 OK
r-oldrel-macos-arm64 1.0.1 91.00 NOTE
r-oldrel-macos-x86_64 1.0.1 165.00 NOTE
r-oldrel-windows-x86_64 1.0.1 41.00 164.00 205.00 OK

Additional issues

donttest

Check Details

Version: 1.0.1
Check: installed package size
Result: NOTE installed size is 5.5Mb sub-directories of 1Mb or more: data 4.5Mb Flavors: r-oldrel-macos-arm64, r-oldrel-macos-x86_64

These binaries (installable software) and packages are in development.
They may not be fully stable and should be used with caution. We make no claims about them.